{"id":887,"date":"2024-05-06T13:34:31","date_gmt":"2024-05-06T16:34:31","guid":{"rendered":"https:\/\/camisetasebrindesexpress.com.br\/?post_type=product&#038;p=887"},"modified":"2024-05-06T13:34:31","modified_gmt":"2024-05-06T16:34:31","slug":"93730-portel-a5-caderno-capa-dura-a5","status":"publish","type":"product","link":"https:\/\/camisetasebrindesexpress.com.br\/index.php\/produto\/93730-portel-a5-caderno-capa-dura-a5\/","title":{"rendered":"93730 PORTEL A5. Caderno capa dura A5"},"content":{"rendered":"<div class=\"texto\">Caderno A5 com capa dura em corti\u00e7a, 80 folhas lisas em cor marfim, fita separadora, el\u00e1stico e suporte para esferogr\u00e1fica (n\u00e3o inclusa). Fornecido em bolsa de non-woven. 137 x 215 mm | Embalagem: 185 x 240 mm<\/div>\n<div class=\"icons\">\n<div class=\"icon\"><img decoding=\"async\" src=\"https:\/\/www.spotgifts.com.br\/fotos\/pictogramas\/cork_56959442365a68fdf7b25f.png\" alt=\"SPOT\" \/><\/div>\n<\/div>\n","protected":false},"excerpt":{"rendered":"<p>Caderno A5 com capa dura em corti\u00e7a, 80 folhas lisas em cor marfim, fita separadora, el\u00e1stico e suporte para esferogr\u00e1fica (n\u00e3o inclusa). Fornecido em bolsa de non-woven. 137 x 215 mm | Embalagem: 185 x 240 mm<\/p>\n","protected":false},"featured_media":890,"comment_status":"open","ping_status":"closed","template":"","meta":{"_joinchat":[]},"product_cat":[19],"product_tag":[],"_links":{"self":[{"href":"https:\/\/camisetasebrindesexpress.com.br\/index.php\/wp-json\/wp\/v2\/product\/887"}],"collection":[{"href":"https:\/\/camisetasebrindesexpress.com.br\/index.php\/wp-json\/wp\/v2\/product"}],"about":[{"href":"https:\/\/camisetasebrindesexpress.com.br\/index.php\/wp-json\/wp\/v2\/types\/product"}],"replies":[{"embeddable":true,"href":"https:\/\/camisetasebrindesexpress.com.br\/index.php\/wp-json\/wp\/v2\/comments?post=887"}],"wp:featuredmedia":[{"embeddable":true,"href":"https:\/\/camisetasebrindesexpress.com.br\/index.php\/wp-json\/wp\/v2\/media\/890"}],"wp:attachment":[{"href":"https:\/\/camisetasebrindesexpress.com.br\/index.php\/wp-json\/wp\/v2\/media?parent=887"}],"wp:term":[{"taxonomy":"product_cat","embeddable":true,"href":"https:\/\/camisetasebrindesexpress.com.br\/index.php\/wp-json\/wp\/v2\/product_cat?post=887"},{"taxonomy":"product_tag","embeddable":true,"href":"https:\/\/camisetasebrindesexpress.com.br\/index.php\/wp-json\/wp\/v2\/product_tag?post=887"}],"curies":[{"name":"wp","href":"https:\/\/api.w.org\/{rel}","templated":true}]}}