{"id":875,"date":"2024-05-06T13:32:11","date_gmt":"2024-05-06T16:32:11","guid":{"rendered":"https:\/\/camisetasebrindesexpress.com.br\/?post_type=product&#038;p=875"},"modified":"2024-05-06T13:32:11","modified_gmt":"2024-05-06T16:32:11","slug":"93275-neruda-caderno-a5","status":"publish","type":"product","link":"https:\/\/camisetasebrindesexpress.com.br\/index.php\/produto\/93275-neruda-caderno-a5\/","title":{"rendered":"93275 NERUDA. Caderno A5"},"content":{"rendered":"<div class=\"texto\">Caderno A5 com capa dura em palha natural. Incluso uma placa em metal, pr\u00f3pria para personaliza\u00e7\u00e3o, para adicionar \u00e0 capa. Cont\u00e9m 96 folhas pautadas em papel cor marfim proveniente de gest\u00e3o florestal sustent\u00e1vel. Fornecido em envelope de cart\u00e3o. 150 x 210 mm | Placa: 30 x 15 mm<\/div>\n<div class=\"icons\">\n<div class=\"icon\"><img decoding=\"async\" src=\"https:\/\/www.spotgifts.com.br\/fotos\/pictogramas\/tamanho_a5_314390309610cfdc2077de.png\" alt=\"SPOT\" \/><\/div>\n<div class=\"icon\"><img decoding=\"async\" src=\"https:\/\/www.spotgifts.com.br\/fotos\/pictogramas\/079_ivory_lined_pages_15850768796628d3bec2de0.png\" alt=\"SPOT\" \/><\/div>\n<div class=\"icon\"><img decoding=\"async\" src=\"https:\/\/www.spotgifts.com.br\/fotos\/pictogramas\/our_nature_204199429465a696b2f1eac.png\" alt=\"SPOT\" \/><\/div>\n<div class=\"icon\"><img decoding=\"async\" src=\"https:\/\/www.spotgifts.com.br\/fotos\/pictogramas\/natural_straw_fibre_45572771965a6904c8e314.png\" alt=\"SPOT\" \/><\/div>\n<div class=\"icon\"><img decoding=\"async\" src=\"https:\/\/www.spotgifts.com.br\/fotos\/pictogramas\/sustainable_forest_product_177140727565a68dc19045f.png\" alt=\"SPOT\" \/><\/div>\n<\/div>\n","protected":false},"excerpt":{"rendered":"<p>Caderno A5 com capa dura em palha natural. Incluso uma placa em metal, pr\u00f3pria para personaliza\u00e7\u00e3o, para adicionar \u00e0 capa. Cont\u00e9m 96 folhas pautadas em papel cor marfim proveniente de gest\u00e3o florestal sustent\u00e1vel. Fornecido em envelope de cart\u00e3o. 150 x 210 mm | Placa: 30 x 15 mm<\/p>\n","protected":false},"featured_media":881,"comment_status":"open","ping_status":"closed","template":"","meta":{"_joinchat":[]},"product_cat":[19],"product_tag":[],"_links":{"self":[{"href":"https:\/\/camisetasebrindesexpress.com.br\/index.php\/wp-json\/wp\/v2\/product\/875"}],"collection":[{"href":"https:\/\/camisetasebrindesexpress.com.br\/index.php\/wp-json\/wp\/v2\/product"}],"about":[{"href":"https:\/\/camisetasebrindesexpress.com.br\/index.php\/wp-json\/wp\/v2\/types\/product"}],"replies":[{"embeddable":true,"href":"https:\/\/camisetasebrindesexpress.com.br\/index.php\/wp-json\/wp\/v2\/comments?post=875"}],"wp:featuredmedia":[{"embeddable":true,"href":"https:\/\/camisetasebrindesexpress.com.br\/index.php\/wp-json\/wp\/v2\/media\/881"}],"wp:attachment":[{"href":"https:\/\/camisetasebrindesexpress.com.br\/index.php\/wp-json\/wp\/v2\/media?parent=875"}],"wp:term":[{"taxonomy":"product_cat","embeddable":true,"href":"https:\/\/camisetasebrindesexpress.com.br\/index.php\/wp-json\/wp\/v2\/product_cat?post=875"},{"taxonomy":"product_tag","embeddable":true,"href":"https:\/\/camisetasebrindesexpress.com.br\/index.php\/wp-json\/wp\/v2\/product_tag?post=875"}],"curies":[{"name":"wp","href":"https:\/\/api.w.org\/{rel}","templated":true}]}}