{"id":565,"date":"2024-04-23T21:01:58","date_gmt":"2024-04-24T00:01:58","guid":{"rendered":"https:\/\/camisetasebrindesexpress.com.br\/?post_type=product&#038;p=565"},"modified":"2024-04-23T21:01:58","modified_gmt":"2024-04-24T00:01:58","slug":"57395-gent-caixa-de-som-com-microfone-em-abs-e-tecido-em-poliester","status":"publish","type":"product","link":"https:\/\/camisetasebrindesexpress.com.br\/index.php\/produto\/57395-gent-caixa-de-som-com-microfone-em-abs-e-tecido-em-poliester\/","title":{"rendered":"57395 GENT. Caixa de som com microfone em ABS e tecido em poli\u00e9ster"},"content":{"rendered":"<div class=\"texto\">Caixa de som com microfone em ABS, tecido em poli\u00e9ster e acabamento emborrachado. Transmiss\u00e3o sem fios BT v5.0, liga\u00e7\u00e3o stereo 3,5 mm e leitor de cart\u00f5es TF. Autonomia aproximada de 2h. Pot\u00eancia de 3W\/4\u03a9. Fun\u00e7\u00e3o para atender chamadas, controle de volume, conex\u00e3o \u00e0 playlist do dispositivo m\u00f3vel e r\u00e1dio FM. Incluso cabo USB para carregar. Fornecida em caixa presente. 120 x 80 x 40 mm | Caixa: 142 x 85 x 45 mm<\/div>\n<div class=\"icons\">\n<div class=\"icon\"><img decoding=\"async\" src=\"https:\/\/www.spotgifts.com.br\/fotos\/pictogramas\/bluetooth_369218040610cfa7d48af9.png\" alt=\"SPOT\" \/><\/div>\n<\/div>\n","protected":false},"excerpt":{"rendered":"<p>Caixa de som com microfone em ABS, tecido em poli\u00e9ster e acabamento emborrachado. Transmiss\u00e3o sem fios BT v5.0, liga\u00e7\u00e3o stereo 3,5 mm e leitor de cart\u00f5es TF. Autonomia aproximada de 2h. Pot\u00eancia de 3W\/4\u03a9. Fun\u00e7\u00e3o para atender chamadas, controle de volume, conex\u00e3o \u00e0 playlist do dispositivo m\u00f3vel e r\u00e1dio FM. Incluso cabo USB para carregar. [&hellip;]<\/p>\n","protected":false},"featured_media":572,"comment_status":"open","ping_status":"closed","template":"","meta":{"_joinchat":[]},"product_cat":[17],"product_tag":[],"_links":{"self":[{"href":"https:\/\/camisetasebrindesexpress.com.br\/index.php\/wp-json\/wp\/v2\/product\/565"}],"collection":[{"href":"https:\/\/camisetasebrindesexpress.com.br\/index.php\/wp-json\/wp\/v2\/product"}],"about":[{"href":"https:\/\/camisetasebrindesexpress.com.br\/index.php\/wp-json\/wp\/v2\/types\/product"}],"replies":[{"embeddable":true,"href":"https:\/\/camisetasebrindesexpress.com.br\/index.php\/wp-json\/wp\/v2\/comments?post=565"}],"wp:featuredmedia":[{"embeddable":true,"href":"https:\/\/camisetasebrindesexpress.com.br\/index.php\/wp-json\/wp\/v2\/media\/572"}],"wp:attachment":[{"href":"https:\/\/camisetasebrindesexpress.com.br\/index.php\/wp-json\/wp\/v2\/media?parent=565"}],"wp:term":[{"taxonomy":"product_cat","embeddable":true,"href":"https:\/\/camisetasebrindesexpress.com.br\/index.php\/wp-json\/wp\/v2\/product_cat?post=565"},{"taxonomy":"product_tag","embeddable":true,"href":"https:\/\/camisetasebrindesexpress.com.br\/index.php\/wp-json\/wp\/v2\/product_tag?post=565"}],"curies":[{"name":"wp","href":"https:\/\/api.w.org\/{rel}","templated":true}]}}