{"id":470,"date":"2024-04-23T20:07:11","date_gmt":"2024-04-23T23:07:11","guid":{"rendered":"https:\/\/camisetasebrindesexpress.com.br\/?post_type=product&#038;p=470"},"modified":"2024-04-23T20:07:12","modified_gmt":"2024-04-23T23:07:12","slug":"57930-galois-caixa-de-som-portatil-em-fibra-de-palha-de-trigo-e-abs-com-microfone","status":"publish","type":"product","link":"https:\/\/camisetasebrindesexpress.com.br\/index.php\/produto\/57930-galois-caixa-de-som-portatil-em-fibra-de-palha-de-trigo-e-abs-com-microfone\/","title":{"rendered":"57930 GALOIS. Caixa de som port\u00e1til em fibra de palha de trigo e ABS com microfone"},"content":{"rendered":"<div class=\"texto\">Caixa de som port\u00e1til em fibra de palha de trigo e ABS com microfone. Pot\u00eancia de 3W e transmiss\u00e3o sem fios BT v5.0. Autonomia aproximada de 2 horas e uma bateria de 300 mAh. Incluso cabo micro USB. Fornecido em caixa presente de papel kraft. \u00f862 x 48 mm<\/div>\n<div class=\"icons\">\n<div class=\"icon\"><img decoding=\"async\" src=\"https:\/\/www.spotgifts.com.br\/fotos\/pictogramas\/bluetooth_369218040610cfa7d48af9.png\" alt=\"SPOT\" \/><\/div>\n<\/div>\n","protected":false},"excerpt":{"rendered":"<p>Caixa de som port\u00e1til em fibra de palha de trigo e ABS com microfone. Pot\u00eancia de 3W e transmiss\u00e3o sem fios BT v5.0. Autonomia aproximada de 2 horas e uma bateria de 300 mAh. Incluso cabo micro USB. Fornecido em caixa presente de papel kraft. \u00f862 x 48 mm<\/p>\n","protected":false},"featured_media":475,"comment_status":"open","ping_status":"closed","template":"","meta":{"_joinchat":[]},"product_cat":[17],"product_tag":[],"_links":{"self":[{"href":"https:\/\/camisetasebrindesexpress.com.br\/index.php\/wp-json\/wp\/v2\/product\/470"}],"collection":[{"href":"https:\/\/camisetasebrindesexpress.com.br\/index.php\/wp-json\/wp\/v2\/product"}],"about":[{"href":"https:\/\/camisetasebrindesexpress.com.br\/index.php\/wp-json\/wp\/v2\/types\/product"}],"replies":[{"embeddable":true,"href":"https:\/\/camisetasebrindesexpress.com.br\/index.php\/wp-json\/wp\/v2\/comments?post=470"}],"wp:featuredmedia":[{"embeddable":true,"href":"https:\/\/camisetasebrindesexpress.com.br\/index.php\/wp-json\/wp\/v2\/media\/475"}],"wp:attachment":[{"href":"https:\/\/camisetasebrindesexpress.com.br\/index.php\/wp-json\/wp\/v2\/media?parent=470"}],"wp:term":[{"taxonomy":"product_cat","embeddable":true,"href":"https:\/\/camisetasebrindesexpress.com.br\/index.php\/wp-json\/wp\/v2\/product_cat?post=470"},{"taxonomy":"product_tag","embeddable":true,"href":"https:\/\/camisetasebrindesexpress.com.br\/index.php\/wp-json\/wp\/v2\/product_tag?post=470"}],"curies":[{"name":"wp","href":"https:\/\/api.w.org\/{rel}","templated":true}]}}