{"id":462,"date":"2024-04-23T20:01:10","date_gmt":"2024-04-23T23:01:10","guid":{"rendered":"https:\/\/camisetasebrindesexpress.com.br\/?post_type=product&#038;p=462"},"modified":"2024-04-23T20:01:10","modified_gmt":"2024-04-23T23:01:10","slug":"57939-marconi-fones-de-ouvido-wireless-dobraveis-em-fibra-de-palha-de-trigo-e-abs","status":"publish","type":"product","link":"https:\/\/camisetasebrindesexpress.com.br\/index.php\/produto\/57939-marconi-fones-de-ouvido-wireless-dobraveis-em-fibra-de-palha-de-trigo-e-abs\/","title":{"rendered":"57939 MARCONI. Fones de ouvido wireless dobr\u00e1veis em fibra de palha de trigo e ABS"},"content":{"rendered":"<div class=\"texto\">Fone de ouvido dobr\u00e1veis wireless em fibra de palha de trigo e ABS. Pot\u00eancia de 32mW e transmiss\u00e3o BT v5.0 com alcance at\u00e9 10m. Bateria com capacidade de 400mAh e autonomia aproximada de 13 horas. Incluso porta AUX, slot para cart\u00e3o TF\/SD e cabo de carregamento USB-A \/ USB-C. Bot\u00f5es de controle com +\/- e ligar\/desligar. Fornececido em caixa presente de papel kraft. Fones de ouvido (fechados): 185 x 185 x 74 mm | Caixa: 120 x 90 x 160 mm<\/div>\n<div class=\"icons\">\n<div class=\"icon\"><img decoding=\"async\" src=\"https:\/\/www.spotgifts.com.br\/fotos\/pictogramas\/bluetooth_369218040610cfa7d48af9.png\" alt=\"SPOT\" \/><\/div>\n<\/div>\n","protected":false},"excerpt":{"rendered":"<p>Fone de ouvido dobr\u00e1veis wireless em fibra de palha de trigo e ABS. Pot\u00eancia de 32mW e transmiss\u00e3o BT v5.0 com alcance at\u00e9 10m. Bateria com capacidade de 400mAh e autonomia aproximada de 13 horas. Incluso porta AUX, slot para cart\u00e3o TF\/SD e cabo de carregamento USB-A \/ USB-C. Bot\u00f5es de controle com +\/- e [&hellip;]<\/p>\n","protected":false},"featured_media":469,"comment_status":"open","ping_status":"closed","template":"","meta":{"_joinchat":[]},"product_cat":[17],"product_tag":[],"_links":{"self":[{"href":"https:\/\/camisetasebrindesexpress.com.br\/index.php\/wp-json\/wp\/v2\/product\/462"}],"collection":[{"href":"https:\/\/camisetasebrindesexpress.com.br\/index.php\/wp-json\/wp\/v2\/product"}],"about":[{"href":"https:\/\/camisetasebrindesexpress.com.br\/index.php\/wp-json\/wp\/v2\/types\/product"}],"replies":[{"embeddable":true,"href":"https:\/\/camisetasebrindesexpress.com.br\/index.php\/wp-json\/wp\/v2\/comments?post=462"}],"wp:featuredmedia":[{"embeddable":true,"href":"https:\/\/camisetasebrindesexpress.com.br\/index.php\/wp-json\/wp\/v2\/media\/469"}],"wp:attachment":[{"href":"https:\/\/camisetasebrindesexpress.com.br\/index.php\/wp-json\/wp\/v2\/media?parent=462"}],"wp:term":[{"taxonomy":"product_cat","embeddable":true,"href":"https:\/\/camisetasebrindesexpress.com.br\/index.php\/wp-json\/wp\/v2\/product_cat?post=462"},{"taxonomy":"product_tag","embeddable":true,"href":"https:\/\/camisetasebrindesexpress.com.br\/index.php\/wp-json\/wp\/v2\/product_tag?post=462"}],"curies":[{"name":"wp","href":"https:\/\/api.w.org\/{rel}","templated":true}]}}