{"id":444,"date":"2024-04-23T19:55:06","date_gmt":"2024-04-23T22:55:06","guid":{"rendered":"https:\/\/camisetasebrindesexpress.com.br\/?post_type=product&#038;p=444"},"modified":"2024-04-23T19:55:06","modified_gmt":"2024-04-23T22:55:06","slug":"58517-lezzo-luminaria-de-mesa-com-carregador-wireless-em-abs-e-fibra-de-palha-de-trigo","status":"publish","type":"product","link":"https:\/\/camisetasebrindesexpress.com.br\/index.php\/produto\/58517-lezzo-luminaria-de-mesa-com-carregador-wireless-em-abs-e-fibra-de-palha-de-trigo\/","title":{"rendered":"58517 LEZZO. Lumin\u00e1ria de mesa com carregador wireless em ABS e fibra de palha de trigo"},"content":{"rendered":"<div class=\"texto\">Lumin\u00e1ria de mesa em ABS e fibra de palha de trigo com carregador wireless. A haste \u00e9 flex\u00edvel para ajustar a dire\u00e7\u00e3o da luz e cont\u00e9m 20 LEDs que permitem uma ilumina\u00e7\u00e3o at\u00e9 3 n\u00edveis de intensidade. No topo da lumin\u00e1ria encontra-se um bot\u00e3o touch para ligar, desligar e ajustar os n\u00edveis de ilumina\u00e7\u00e3o. O carregador sem fios \u00e9 de carregamento r\u00e1pido, tendo uma pot\u00eancia at\u00e9 10W, com entradas 5V\/2A e 9V\/1.67A. No local onde o equipamento \u00e9 colocado tem um c\u00edrculo com silicone para evitar que se mova. Incluso cabo micro USB de 1 m. Fornecido em caixa presente de papel kraft. 160 x 268 x 85 mm<\/div>\n<div class=\"icons\">\n<div class=\"icon\"><img decoding=\"async\" src=\"https:\/\/www.spotgifts.com.br\/fotos\/pictogramas\/led_459324091610cfcce3d233.png\" alt=\"SPOT\" \/><\/div>\n<\/div>\n","protected":false},"excerpt":{"rendered":"<p>Lumin\u00e1ria de mesa em ABS e fibra de palha de trigo com carregador wireless. A haste \u00e9 flex\u00edvel para ajustar a dire\u00e7\u00e3o da luz e cont\u00e9m 20 LEDs que permitem uma ilumina\u00e7\u00e3o at\u00e9 3 n\u00edveis de intensidade. No topo da lumin\u00e1ria encontra-se um bot\u00e3o touch para ligar, desligar e ajustar os n\u00edveis de ilumina\u00e7\u00e3o. O [&hellip;]<\/p>\n","protected":false},"featured_media":450,"comment_status":"open","ping_status":"closed","template":"","meta":{"_joinchat":[]},"product_cat":[17],"product_tag":[],"_links":{"self":[{"href":"https:\/\/camisetasebrindesexpress.com.br\/index.php\/wp-json\/wp\/v2\/product\/444"}],"collection":[{"href":"https:\/\/camisetasebrindesexpress.com.br\/index.php\/wp-json\/wp\/v2\/product"}],"about":[{"href":"https:\/\/camisetasebrindesexpress.com.br\/index.php\/wp-json\/wp\/v2\/types\/product"}],"replies":[{"embeddable":true,"href":"https:\/\/camisetasebrindesexpress.com.br\/index.php\/wp-json\/wp\/v2\/comments?post=444"}],"wp:featuredmedia":[{"embeddable":true,"href":"https:\/\/camisetasebrindesexpress.com.br\/index.php\/wp-json\/wp\/v2\/media\/450"}],"wp:attachment":[{"href":"https:\/\/camisetasebrindesexpress.com.br\/index.php\/wp-json\/wp\/v2\/media?parent=444"}],"wp:term":[{"taxonomy":"product_cat","embeddable":true,"href":"https:\/\/camisetasebrindesexpress.com.br\/index.php\/wp-json\/wp\/v2\/product_cat?post=444"},{"taxonomy":"product_tag","embeddable":true,"href":"https:\/\/camisetasebrindesexpress.com.br\/index.php\/wp-json\/wp\/v2\/product_tag?post=444"}],"curies":[{"name":"wp","href":"https:\/\/api.w.org\/{rel}","templated":true}]}}