{"id":402,"date":"2024-04-23T19:31:25","date_gmt":"2024-04-23T22:31:25","guid":{"rendered":"https:\/\/camisetasebrindesexpress.com.br\/?post_type=product&#038;p=402"},"modified":"2024-04-23T19:31:25","modified_gmt":"2024-04-23T22:31:25","slug":"97123-dalton-carregador-portatil-em-bambu-15-w","status":"publish","type":"product","link":"https:\/\/camisetasebrindesexpress.com.br\/index.php\/produto\/97123-dalton-carregador-portatil-em-bambu-15-w\/","title":{"rendered":"97123 DALTON. Carregador port\u00e1til em bambu 15 W"},"content":{"rendered":"<div class=\"texto\">Carregador wireless em bambu com fun\u00e7\u00e3o hub. Cont\u00e9m 2 sa\u00eddas USB-A e 1 entrada USB-C. Possui uma pot\u00eancia de carregamento sem fios de 15W. Compat\u00edvel com smartphones com tecnologia de carregamento sem fios. Incluso cabo USB-C para carregar a bateria. Fornecido em caixa presente de papel kraft. 93 x 93 x 9 mm<\/div>\n<div class=\"icons\">\n<div class=\"icon\"><img decoding=\"async\" src=\"https:\/\/www.spotgifts.com.br\/fotos\/pictogramas\/wireless_charger_1269274274649c0a4ff2616.png\" alt=\"SPOT\" \/><\/div>\n<\/div>\n","protected":false},"excerpt":{"rendered":"<p>Carregador wireless em bambu com fun\u00e7\u00e3o hub. Cont\u00e9m 2 sa\u00eddas USB-A e 1 entrada USB-C. Possui uma pot\u00eancia de carregamento sem fios de 15W. Compat\u00edvel com smartphones com tecnologia de carregamento sem fios. Incluso cabo USB-C para carregar a bateria. Fornecido em caixa presente de papel kraft. 93 x 93 x 9 mm<\/p>\n","protected":false},"featured_media":406,"comment_status":"open","ping_status":"closed","template":"","meta":{"_joinchat":[]},"product_cat":[17],"product_tag":[],"_links":{"self":[{"href":"https:\/\/camisetasebrindesexpress.com.br\/index.php\/wp-json\/wp\/v2\/product\/402"}],"collection":[{"href":"https:\/\/camisetasebrindesexpress.com.br\/index.php\/wp-json\/wp\/v2\/product"}],"about":[{"href":"https:\/\/camisetasebrindesexpress.com.br\/index.php\/wp-json\/wp\/v2\/types\/product"}],"replies":[{"embeddable":true,"href":"https:\/\/camisetasebrindesexpress.com.br\/index.php\/wp-json\/wp\/v2\/comments?post=402"}],"wp:featuredmedia":[{"embeddable":true,"href":"https:\/\/camisetasebrindesexpress.com.br\/index.php\/wp-json\/wp\/v2\/media\/406"}],"wp:attachment":[{"href":"https:\/\/camisetasebrindesexpress.com.br\/index.php\/wp-json\/wp\/v2\/media?parent=402"}],"wp:term":[{"taxonomy":"product_cat","embeddable":true,"href":"https:\/\/camisetasebrindesexpress.com.br\/index.php\/wp-json\/wp\/v2\/product_cat?post=402"},{"taxonomy":"product_tag","embeddable":true,"href":"https:\/\/camisetasebrindesexpress.com.br\/index.php\/wp-json\/wp\/v2\/product_tag?post=402"}],"curies":[{"name":"wp","href":"https:\/\/api.w.org\/{rel}","templated":true}]}}