{"id":376,"date":"2024-04-23T19:17:02","date_gmt":"2024-04-23T22:17:02","guid":{"rendered":"https:\/\/camisetasebrindesexpress.com.br\/?post_type=product&#038;p=376"},"modified":"2024-04-23T19:17:02","modified_gmt":"2024-04-23T22:17:02","slug":"97095-tilly-caixa-de-som-portatil-em-36-rabs-e-bambu","status":"publish","type":"product","link":"https:\/\/camisetasebrindesexpress.com.br\/index.php\/produto\/97095-tilly-caixa-de-som-portatil-em-36-rabs-e-bambu\/","title":{"rendered":"97095 TILLY. Caixa de som port\u00e1til em 36% rABS e bambu"},"content":{"rendered":"<div class=\"texto\">Caixa de som port\u00e1til em ABS (36% rABS) e bambu. Com pot\u00eancia de 3W e transmiss\u00e3o sem fios BT v5.0 e fun\u00e7\u00e3o de r\u00e1dio. Autonomia aproximada de 5h com uma bateria de 1200 mAh. Fornecido em caixa presente de papel kraft. 135 x 40 x 65 mm<\/div>\n<div class=\"icons\">\n<div class=\"icon\"><img decoding=\"async\" src=\"https:\/\/www.spotgifts.com.br\/fotos\/pictogramas\/bluetooth_369218040610cfa7d48af9.png\" alt=\"SPOT\" \/><\/div>\n<\/div>\n","protected":false},"excerpt":{"rendered":"<p>Caixa de som port\u00e1til em ABS (36% rABS) e bambu. Com pot\u00eancia de 3W e transmiss\u00e3o sem fios BT v5.0 e fun\u00e7\u00e3o de r\u00e1dio. Autonomia aproximada de 5h com uma bateria de 1200 mAh. Fornecido em caixa presente de papel kraft. 135 x 40 x 65 mm<\/p>\n","protected":false},"featured_media":381,"comment_status":"open","ping_status":"closed","template":"","meta":{"_joinchat":[]},"product_cat":[17],"product_tag":[],"_links":{"self":[{"href":"https:\/\/camisetasebrindesexpress.com.br\/index.php\/wp-json\/wp\/v2\/product\/376"}],"collection":[{"href":"https:\/\/camisetasebrindesexpress.com.br\/index.php\/wp-json\/wp\/v2\/product"}],"about":[{"href":"https:\/\/camisetasebrindesexpress.com.br\/index.php\/wp-json\/wp\/v2\/types\/product"}],"replies":[{"embeddable":true,"href":"https:\/\/camisetasebrindesexpress.com.br\/index.php\/wp-json\/wp\/v2\/comments?post=376"}],"wp:featuredmedia":[{"embeddable":true,"href":"https:\/\/camisetasebrindesexpress.com.br\/index.php\/wp-json\/wp\/v2\/media\/381"}],"wp:attachment":[{"href":"https:\/\/camisetasebrindesexpress.com.br\/index.php\/wp-json\/wp\/v2\/media?parent=376"}],"wp:term":[{"taxonomy":"product_cat","embeddable":true,"href":"https:\/\/camisetasebrindesexpress.com.br\/index.php\/wp-json\/wp\/v2\/product_cat?post=376"},{"taxonomy":"product_tag","embeddable":true,"href":"https:\/\/camisetasebrindesexpress.com.br\/index.php\/wp-json\/wp\/v2\/product_tag?post=376"}],"curies":[{"name":"wp","href":"https:\/\/api.w.org\/{rel}","templated":true}]}}