{"id":358,"date":"2024-04-23T17:43:44","date_gmt":"2024-04-23T20:43:44","guid":{"rendered":"https:\/\/camisetasebrindesexpress.com.br\/?post_type=product&#038;p=358"},"modified":"2024-04-23T17:43:44","modified_gmt":"2024-04-23T20:43:44","slug":"57256-glashow-eco-caixa-de-som-em-bambu-com-microfone","status":"publish","type":"product","link":"https:\/\/camisetasebrindesexpress.com.br\/index.php\/produto\/57256-glashow-eco-caixa-de-som-em-bambu-com-microfone\/","title":{"rendered":"57256 GLASHOW ECO. Caixa de som em bambu com microfone"},"content":{"rendered":"<div class=\"texto\">Caixa de som com microfone em bambu. transmiss\u00e3o sem fios BT v3.0, liga\u00e7\u00e3o stereo 3,5 mm e leitor de cart\u00f5es TF e pot\u00eancia de 3W (4\u03a9). Bateria com capacidade at\u00e9 300 mAh e autonomia aproximada de 3 horas. Fun\u00e7\u00e3o para atender chamadas, controle de volume, conex\u00e3o \u00e0 playlist do dispositivo m\u00f3vel e r\u00e1dio FM. Incluso cabo USB \/ micro USB para carregar e cabo de \u00e1udio (Jack\/Jack). Fornecida em caixa presente de papel kraft. \u00f860 x 52 mm<\/div>\n<div class=\"icons\">\n<div class=\"icon\"><img decoding=\"async\" src=\"https:\/\/www.spotgifts.com.br\/fotos\/pictogramas\/bluetooth_369218040610cfa7d48af9.png\" alt=\"SPOT\" \/><\/div>\n<\/div>\n","protected":false},"excerpt":{"rendered":"<p>Caixa de som com microfone em bambu. transmiss\u00e3o sem fios BT v3.0, liga\u00e7\u00e3o stereo 3,5 mm e leitor de cart\u00f5es TF e pot\u00eancia de 3W (4\u03a9). Bateria com capacidade at\u00e9 300 mAh e autonomia aproximada de 3 horas. Fun\u00e7\u00e3o para atender chamadas, controle de volume, conex\u00e3o \u00e0 playlist do dispositivo m\u00f3vel e r\u00e1dio FM. Incluso [&hellip;]<\/p>\n","protected":false},"featured_media":362,"comment_status":"open","ping_status":"closed","template":"","meta":{"_joinchat":[]},"product_cat":[17],"product_tag":[],"_links":{"self":[{"href":"https:\/\/camisetasebrindesexpress.com.br\/index.php\/wp-json\/wp\/v2\/product\/358"}],"collection":[{"href":"https:\/\/camisetasebrindesexpress.com.br\/index.php\/wp-json\/wp\/v2\/product"}],"about":[{"href":"https:\/\/camisetasebrindesexpress.com.br\/index.php\/wp-json\/wp\/v2\/types\/product"}],"replies":[{"embeddable":true,"href":"https:\/\/camisetasebrindesexpress.com.br\/index.php\/wp-json\/wp\/v2\/comments?post=358"}],"wp:featuredmedia":[{"embeddable":true,"href":"https:\/\/camisetasebrindesexpress.com.br\/index.php\/wp-json\/wp\/v2\/media\/362"}],"wp:attachment":[{"href":"https:\/\/camisetasebrindesexpress.com.br\/index.php\/wp-json\/wp\/v2\/media?parent=358"}],"wp:term":[{"taxonomy":"product_cat","embeddable":true,"href":"https:\/\/camisetasebrindesexpress.com.br\/index.php\/wp-json\/wp\/v2\/product_cat?post=358"},{"taxonomy":"product_tag","embeddable":true,"href":"https:\/\/camisetasebrindesexpress.com.br\/index.php\/wp-json\/wp\/v2\/product_tag?post=358"}],"curies":[{"name":"wp","href":"https:\/\/api.w.org\/{rel}","templated":true}]}}