{"id":346,"date":"2024-04-23T17:16:39","date_gmt":"2024-04-23T20:16:39","guid":{"rendered":"https:\/\/camisetasebrindesexpress.com.br\/?post_type=product&#038;p=346"},"modified":"2024-04-23T17:16:39","modified_gmt":"2024-04-23T20:16:39","slug":"97124-kalam-caixa-de-som-portatil-em-pp-com-microfone","status":"publish","type":"product","link":"https:\/\/camisetasebrindesexpress.com.br\/index.php\/produto\/97124-kalam-caixa-de-som-portatil-em-pp-com-microfone\/","title":{"rendered":"97124 KALAM. Caixa de som port\u00e1til em PP com microfone"},"content":{"rendered":"<div class=\"texto\">Caixa de som em bambu com pega em PP. Cont\u00e9m 3 diferentes luzes LED e transmiss\u00e3o sem fios BT v5.0 para se conectar ao seu dispositivo m\u00f3vel. Possui uma pot\u00eancia de 3W, capacidade at\u00e9 300 mAh e autonomia aproximada de 2 horas. Fornecido em caixa presente de papel kraft. \u00d873 x 71 mm<\/div>\n<div class=\"icons\">\n<div class=\"icon\"><img decoding=\"async\" src=\"https:\/\/www.spotgifts.com.br\/fotos\/pictogramas\/bluetooth_369218040610cfa7d48af9.png\" alt=\"SPOT\" \/><\/div>\n<\/div>\n<div class=\"tag catalogo\"><\/div>\n","protected":false},"excerpt":{"rendered":"<p>Caixa de som em bambu com pega em PP. Cont\u00e9m 3 diferentes luzes LED e transmiss\u00e3o sem fios BT v5.0 para se conectar ao seu dispositivo m\u00f3vel. Possui uma pot\u00eancia de 3W, capacidade at\u00e9 300 mAh e autonomia aproximada de 2 horas. Fornecido em caixa presente de papel kraft. \u00d873 x 71 mm<\/p>\n","protected":false},"featured_media":347,"comment_status":"open","ping_status":"closed","template":"","meta":{"_joinchat":[]},"product_cat":[17],"product_tag":[],"_links":{"self":[{"href":"https:\/\/camisetasebrindesexpress.com.br\/index.php\/wp-json\/wp\/v2\/product\/346"}],"collection":[{"href":"https:\/\/camisetasebrindesexpress.com.br\/index.php\/wp-json\/wp\/v2\/product"}],"about":[{"href":"https:\/\/camisetasebrindesexpress.com.br\/index.php\/wp-json\/wp\/v2\/types\/product"}],"replies":[{"embeddable":true,"href":"https:\/\/camisetasebrindesexpress.com.br\/index.php\/wp-json\/wp\/v2\/comments?post=346"}],"wp:featuredmedia":[{"embeddable":true,"href":"https:\/\/camisetasebrindesexpress.com.br\/index.php\/wp-json\/wp\/v2\/media\/347"}],"wp:attachment":[{"href":"https:\/\/camisetasebrindesexpress.com.br\/index.php\/wp-json\/wp\/v2\/media?parent=346"}],"wp:term":[{"taxonomy":"product_cat","embeddable":true,"href":"https:\/\/camisetasebrindesexpress.com.br\/index.php\/wp-json\/wp\/v2\/product_cat?post=346"},{"taxonomy":"product_tag","embeddable":true,"href":"https:\/\/camisetasebrindesexpress.com.br\/index.php\/wp-json\/wp\/v2\/product_tag?post=346"}],"curies":[{"name":"wp","href":"https:\/\/api.w.org\/{rel}","templated":true}]}}