{"id":3198,"date":"2024-05-22T10:28:11","date_gmt":"2024-05-22T13:28:11","guid":{"rendered":"https:\/\/camisetasebrindesexpress.com.br\/?post_type=product&#038;p=3198"},"modified":"2024-05-22T10:28:11","modified_gmt":"2024-05-22T13:28:11","slug":"39000-muriel-guarda-chuva-em-poliester-dobravel-com-lanterna-na-pega","status":"publish","type":"product","link":"https:\/\/camisetasebrindesexpress.com.br\/index.php\/produto\/39000-muriel-guarda-chuva-em-poliester-dobravel-com-lanterna-na-pega\/","title":{"rendered":"39000 MURIEL. Guarda-chuva em poli\u00e9ster dobr\u00e1vel com lanterna na pega"},"content":{"rendered":"<p>Guarda-chuva em poli\u00e9ster dobr\u00e1vel em 3 se\u00e7\u00f5es com lanterna na pega (incluso 2 pilhas CR2032). Fornecido em bolsa. \u00f8940 x 310 mm | Bolsa: \u00f850 x 230 mm<\/p>\n","protected":false},"excerpt":{"rendered":"<p>Guarda-chuva em poli\u00e9ster dobr\u00e1vel em 3 se\u00e7\u00f5es com lanterna na pega (incluso 2 pilhas CR2032). Fornecido em bolsa. \u00f8940 x 310 mm | Bolsa: \u00f850 x 230 mm<\/p>\n","protected":false},"featured_media":3201,"comment_status":"open","ping_status":"closed","template":"","meta":{"_joinchat":[]},"product_cat":[31],"product_tag":[],"_links":{"self":[{"href":"https:\/\/camisetasebrindesexpress.com.br\/index.php\/wp-json\/wp\/v2\/product\/3198"}],"collection":[{"href":"https:\/\/camisetasebrindesexpress.com.br\/index.php\/wp-json\/wp\/v2\/product"}],"about":[{"href":"https:\/\/camisetasebrindesexpress.com.br\/index.php\/wp-json\/wp\/v2\/types\/product"}],"replies":[{"embeddable":true,"href":"https:\/\/camisetasebrindesexpress.com.br\/index.php\/wp-json\/wp\/v2\/comments?post=3198"}],"wp:featuredmedia":[{"embeddable":true,"href":"https:\/\/camisetasebrindesexpress.com.br\/index.php\/wp-json\/wp\/v2\/media\/3201"}],"wp:attachment":[{"href":"https:\/\/camisetasebrindesexpress.com.br\/index.php\/wp-json\/wp\/v2\/media?parent=3198"}],"wp:term":[{"taxonomy":"product_cat","embeddable":true,"href":"https:\/\/camisetasebrindesexpress.com.br\/index.php\/wp-json\/wp\/v2\/product_cat?post=3198"},{"taxonomy":"product_tag","embeddable":true,"href":"https:\/\/camisetasebrindesexpress.com.br\/index.php\/wp-json\/wp\/v2\/product_tag?post=3198"}],"curies":[{"name":"wp","href":"https:\/\/api.w.org\/{rel}","templated":true}]}}