{"id":3141,"date":"2024-05-22T09:48:10","date_gmt":"2024-05-22T12:48:10","guid":{"rendered":"https:\/\/camisetasebrindesexpress.com.br\/?post_type=product&#038;p=3141"},"modified":"2024-05-22T09:48:10","modified_gmt":"2024-05-22T12:48:10","slug":"53621-aguza-apontador-2-em-1-em-ps-com-deposito-transparente-e-borracha","status":"publish","type":"product","link":"https:\/\/camisetasebrindesexpress.com.br\/index.php\/produto\/53621-aguza-apontador-2-em-1-em-ps-com-deposito-transparente-e-borracha\/","title":{"rendered":"53621 AGUZA. Apontador 2 em 1 em PS com dep\u00f3sito transparente e borracha"},"content":{"rendered":"<p style=\"text-align: left;\">Apontador 2 em 1 em PS com dep\u00f3sito transparente e borracha com tampa. Dispon\u00edvel em v\u00e1rias cores. Produto certificado de acordo com a portaria Inmetro n\u00ba423 de 8\/out\/2021. 41 x 60 x 23 mm<\/p>\n","protected":false},"excerpt":{"rendered":"<p>Apontador 2 em 1 em PS com dep\u00f3sito transparente e borracha com tampa. Dispon\u00edvel em v\u00e1rias cores. Produto certificado de acordo com a portaria Inmetro n\u00ba423 de 8\/out\/2021. 41 x 60 x 23 mm<\/p>\n","protected":false},"featured_media":3145,"comment_status":"open","ping_status":"closed","template":"","meta":{"_joinchat":[]},"product_cat":[30],"product_tag":[],"_links":{"self":[{"href":"https:\/\/camisetasebrindesexpress.com.br\/index.php\/wp-json\/wp\/v2\/product\/3141"}],"collection":[{"href":"https:\/\/camisetasebrindesexpress.com.br\/index.php\/wp-json\/wp\/v2\/product"}],"about":[{"href":"https:\/\/camisetasebrindesexpress.com.br\/index.php\/wp-json\/wp\/v2\/types\/product"}],"replies":[{"embeddable":true,"href":"https:\/\/camisetasebrindesexpress.com.br\/index.php\/wp-json\/wp\/v2\/comments?post=3141"}],"wp:featuredmedia":[{"embeddable":true,"href":"https:\/\/camisetasebrindesexpress.com.br\/index.php\/wp-json\/wp\/v2\/media\/3145"}],"wp:attachment":[{"href":"https:\/\/camisetasebrindesexpress.com.br\/index.php\/wp-json\/wp\/v2\/media?parent=3141"}],"wp:term":[{"taxonomy":"product_cat","embeddable":true,"href":"https:\/\/camisetasebrindesexpress.com.br\/index.php\/wp-json\/wp\/v2\/product_cat?post=3141"},{"taxonomy":"product_tag","embeddable":true,"href":"https:\/\/camisetasebrindesexpress.com.br\/index.php\/wp-json\/wp\/v2\/product_tag?post=3141"}],"curies":[{"name":"wp","href":"https:\/\/api.w.org\/{rel}","templated":true}]}}