{"id":3137,"date":"2024-05-22T09:45:40","date_gmt":"2024-05-22T12:45:40","guid":{"rendered":"https:\/\/camisetasebrindesexpress.com.br\/?post_type=product&#038;p=3137"},"modified":"2024-05-22T09:45:41","modified_gmt":"2024-05-22T12:45:41","slug":"51755-jaguar-kit-para-pintar-em-caixa-de-cartao","status":"publish","type":"product","link":"https:\/\/camisetasebrindesexpress.com.br\/index.php\/produto\/51755-jaguar-kit-para-pintar-em-caixa-de-cartao\/","title":{"rendered":"51755 JAGUAR. Kit para pintar em caixa de cart\u00e3o"},"content":{"rendered":"<p>Kit para pintar em caixa de cart\u00e3o. Incluso 8 gizes de cera e 8 cart\u00f5es diferentes para pintar e pendurar. Produto certificado de acordo com a portaria Inmetro n\u00ba423 de 8\/out\/2021. 180 x 90 x 10 mm<\/p>\n","protected":false},"excerpt":{"rendered":"<p>Kit para pintar em caixa de cart\u00e3o. Incluso 8 gizes de cera e 8 cart\u00f5es diferentes para pintar e pendurar. Produto certificado de acordo com a portaria Inmetro n\u00ba423 de 8\/out\/2021. 180 x 90 x 10 mm<\/p>\n","protected":false},"featured_media":3140,"comment_status":"open","ping_status":"closed","template":"","meta":{"_joinchat":[]},"product_cat":[30],"product_tag":[],"_links":{"self":[{"href":"https:\/\/camisetasebrindesexpress.com.br\/index.php\/wp-json\/wp\/v2\/product\/3137"}],"collection":[{"href":"https:\/\/camisetasebrindesexpress.com.br\/index.php\/wp-json\/wp\/v2\/product"}],"about":[{"href":"https:\/\/camisetasebrindesexpress.com.br\/index.php\/wp-json\/wp\/v2\/types\/product"}],"replies":[{"embeddable":true,"href":"https:\/\/camisetasebrindesexpress.com.br\/index.php\/wp-json\/wp\/v2\/comments?post=3137"}],"wp:featuredmedia":[{"embeddable":true,"href":"https:\/\/camisetasebrindesexpress.com.br\/index.php\/wp-json\/wp\/v2\/media\/3140"}],"wp:attachment":[{"href":"https:\/\/camisetasebrindesexpress.com.br\/index.php\/wp-json\/wp\/v2\/media?parent=3137"}],"wp:term":[{"taxonomy":"product_cat","embeddable":true,"href":"https:\/\/camisetasebrindesexpress.com.br\/index.php\/wp-json\/wp\/v2\/product_cat?post=3137"},{"taxonomy":"product_tag","embeddable":true,"href":"https:\/\/camisetasebrindesexpress.com.br\/index.php\/wp-json\/wp\/v2\/product_tag?post=3137"}],"curies":[{"name":"wp","href":"https:\/\/api.w.org\/{rel}","templated":true}]}}