{"id":3107,"date":"2024-05-22T09:38:30","date_gmt":"2024-05-22T12:38:30","guid":{"rendered":"https:\/\/camisetasebrindesexpress.com.br\/?post_type=product&#038;p=3107"},"modified":"2024-05-22T09:38:30","modified_gmt":"2024-05-22T12:38:30","slug":"51751-rols-caixa-cilindrica-em-cartao-com-6-mini-lapis","status":"publish","type":"product","link":"https:\/\/camisetasebrindesexpress.com.br\/index.php\/produto\/51751-rols-caixa-cilindrica-em-cartao-com-6-mini-lapis\/","title":{"rendered":"51751 ROLS. Caixa cil\u00edndrica em cart\u00e3o com 6 mini l\u00e1pis"},"content":{"rendered":"<p>Caixa cil\u00edndrica em cart\u00e3o com 6 mini l\u00e1pis de cor. Incluso apontador. Produto certificado de acordo com a portaria Inmetro n\u00ba423 de 8\/out\/2021. \u00f826 x 106 mm<\/p>\n","protected":false},"excerpt":{"rendered":"<p>Caixa cil\u00edndrica em cart\u00e3o com 6 mini l\u00e1pis de cor. Incluso apontador. Produto certificado de acordo com a portaria Inmetro n\u00ba423 de 8\/out\/2021. \u00f826 x 106 mm<\/p>\n","protected":false},"featured_media":3111,"comment_status":"open","ping_status":"closed","template":"","meta":{"_joinchat":[]},"product_cat":[30],"product_tag":[],"_links":{"self":[{"href":"https:\/\/camisetasebrindesexpress.com.br\/index.php\/wp-json\/wp\/v2\/product\/3107"}],"collection":[{"href":"https:\/\/camisetasebrindesexpress.com.br\/index.php\/wp-json\/wp\/v2\/product"}],"about":[{"href":"https:\/\/camisetasebrindesexpress.com.br\/index.php\/wp-json\/wp\/v2\/types\/product"}],"replies":[{"embeddable":true,"href":"https:\/\/camisetasebrindesexpress.com.br\/index.php\/wp-json\/wp\/v2\/comments?post=3107"}],"wp:featuredmedia":[{"embeddable":true,"href":"https:\/\/camisetasebrindesexpress.com.br\/index.php\/wp-json\/wp\/v2\/media\/3111"}],"wp:attachment":[{"href":"https:\/\/camisetasebrindesexpress.com.br\/index.php\/wp-json\/wp\/v2\/media?parent=3107"}],"wp:term":[{"taxonomy":"product_cat","embeddable":true,"href":"https:\/\/camisetasebrindesexpress.com.br\/index.php\/wp-json\/wp\/v2\/product_cat?post=3107"},{"taxonomy":"product_tag","embeddable":true,"href":"https:\/\/camisetasebrindesexpress.com.br\/index.php\/wp-json\/wp\/v2\/product_tag?post=3107"}],"curies":[{"name":"wp","href":"https:\/\/api.w.org\/{rel}","templated":true}]}}