{"id":3104,"date":"2024-05-22T09:37:13","date_gmt":"2024-05-22T12:37:13","guid":{"rendered":"https:\/\/camisetasebrindesexpress.com.br\/?post_type=product&#038;p=3104"},"modified":"2024-05-22T09:37:14","modified_gmt":"2024-05-22T12:37:14","slug":"51752-cricket-caixa-cilindrica-em-cartao-com-12-lapis-de-cor","status":"publish","type":"product","link":"https:\/\/camisetasebrindesexpress.com.br\/index.php\/produto\/51752-cricket-caixa-cilindrica-em-cartao-com-12-lapis-de-cor\/","title":{"rendered":"51752 CRICKET. Caixa cil\u00edndrica em cart\u00e3o com 12 l\u00e1pis de cor"},"content":{"rendered":"<p>Caixa cil\u00edndrica em cart\u00e3o com 12 l\u00e1pis de cor para pintar. Produto certificado de acordo com a portaria Inmetro n\u00ba423 de 8\/out\/2021. \u00f835 x 97 mm<\/p>\n","protected":false},"excerpt":{"rendered":"<p>Caixa cil\u00edndrica em cart\u00e3o com 12 l\u00e1pis de cor para pintar. Produto certificado de acordo com a portaria Inmetro n\u00ba423 de 8\/out\/2021. \u00f835 x 97 mm<\/p>\n","protected":false},"featured_media":3106,"comment_status":"open","ping_status":"closed","template":"","meta":{"_joinchat":[]},"product_cat":[30],"product_tag":[],"_links":{"self":[{"href":"https:\/\/camisetasebrindesexpress.com.br\/index.php\/wp-json\/wp\/v2\/product\/3104"}],"collection":[{"href":"https:\/\/camisetasebrindesexpress.com.br\/index.php\/wp-json\/wp\/v2\/product"}],"about":[{"href":"https:\/\/camisetasebrindesexpress.com.br\/index.php\/wp-json\/wp\/v2\/types\/product"}],"replies":[{"embeddable":true,"href":"https:\/\/camisetasebrindesexpress.com.br\/index.php\/wp-json\/wp\/v2\/comments?post=3104"}],"wp:featuredmedia":[{"embeddable":true,"href":"https:\/\/camisetasebrindesexpress.com.br\/index.php\/wp-json\/wp\/v2\/media\/3106"}],"wp:attachment":[{"href":"https:\/\/camisetasebrindesexpress.com.br\/index.php\/wp-json\/wp\/v2\/media?parent=3104"}],"wp:term":[{"taxonomy":"product_cat","embeddable":true,"href":"https:\/\/camisetasebrindesexpress.com.br\/index.php\/wp-json\/wp\/v2\/product_cat?post=3104"},{"taxonomy":"product_tag","embeddable":true,"href":"https:\/\/camisetasebrindesexpress.com.br\/index.php\/wp-json\/wp\/v2\/product_tag?post=3104"}],"curies":[{"name":"wp","href":"https:\/\/api.w.org\/{rel}","templated":true}]}}