{"id":2899,"date":"2024-05-20T11:57:53","date_gmt":"2024-05-20T14:57:53","guid":{"rendered":"https:\/\/camisetasebrindesexpress.com.br\/?post_type=product&#038;p=2899"},"modified":"2024-05-20T11:57:53","modified_gmt":"2024-05-20T14:57:53","slug":"93280-millard-porta-cartoes-em-metal-e-c-sintetico","status":"publish","type":"product","link":"https:\/\/camisetasebrindesexpress.com.br\/index.php\/produto\/93280-millard-porta-cartoes-em-metal-e-c-sintetico\/","title":{"rendered":"93280 MILLARD. Porta cart\u00f5es em metal e c.sint\u00e9tico"},"content":{"rendered":"<p>Porta cart\u00f5es em metal e c.sint\u00e9tico. Fornecido em caixa presente. 95 x 64 x 13 mm<\/p>\n","protected":false},"excerpt":{"rendered":"<p>Porta cart\u00f5es em metal e c.sint\u00e9tico. Fornecido em caixa presente. 95 x 64 x 13 mm<\/p>\n","protected":false},"featured_media":2904,"comment_status":"open","ping_status":"closed","template":"","meta":{"_joinchat":[]},"product_cat":[29],"product_tag":[],"_links":{"self":[{"href":"https:\/\/camisetasebrindesexpress.com.br\/index.php\/wp-json\/wp\/v2\/product\/2899"}],"collection":[{"href":"https:\/\/camisetasebrindesexpress.com.br\/index.php\/wp-json\/wp\/v2\/product"}],"about":[{"href":"https:\/\/camisetasebrindesexpress.com.br\/index.php\/wp-json\/wp\/v2\/types\/product"}],"replies":[{"embeddable":true,"href":"https:\/\/camisetasebrindesexpress.com.br\/index.php\/wp-json\/wp\/v2\/comments?post=2899"}],"wp:featuredmedia":[{"embeddable":true,"href":"https:\/\/camisetasebrindesexpress.com.br\/index.php\/wp-json\/wp\/v2\/media\/2904"}],"wp:attachment":[{"href":"https:\/\/camisetasebrindesexpress.com.br\/index.php\/wp-json\/wp\/v2\/media?parent=2899"}],"wp:term":[{"taxonomy":"product_cat","embeddable":true,"href":"https:\/\/camisetasebrindesexpress.com.br\/index.php\/wp-json\/wp\/v2\/product_cat?post=2899"},{"taxonomy":"product_tag","embeddable":true,"href":"https:\/\/camisetasebrindesexpress.com.br\/index.php\/wp-json\/wp\/v2\/product_tag?post=2899"}],"curies":[{"name":"wp","href":"https:\/\/api.w.org\/{rel}","templated":true}]}}