{"id":2809,"date":"2024-05-20T09:51:01","date_gmt":"2024-05-20T12:51:01","guid":{"rendered":"https:\/\/camisetasebrindesexpress.com.br\/?post_type=product&#038;p=2809"},"modified":"2024-05-20T09:51:01","modified_gmt":"2024-05-20T12:51:01","slug":"94897-zena-conjunto-de-manicure-em-cortica","status":"publish","type":"product","link":"https:\/\/camisetasebrindesexpress.com.br\/index.php\/produto\/94897-zena-conjunto-de-manicure-em-cortica\/","title":{"rendered":"94897 ZENA. Conjunto de manicure em corti\u00e7a"},"content":{"rendered":"<p>Conjunto de manicure em corti\u00e7a com cinco pe\u00e7as em a\u00e7o inoxid\u00e1vel: lixa, tesoura, cortador de unhas, pin\u00e7a e empurra cut\u00edculas. Fornecido em bolsa de papel natural. 104 x 61 x 17 mm<\/p>\n","protected":false},"excerpt":{"rendered":"<p>Conjunto de manicure em corti\u00e7a com cinco pe\u00e7as em a\u00e7o inoxid\u00e1vel: lixa, tesoura, cortador de unhas, pin\u00e7a e empurra cut\u00edculas. Fornecido em bolsa de papel natural. 104 x 61 x 17 mm<\/p>\n","protected":false},"featured_media":2812,"comment_status":"open","ping_status":"closed","template":"","meta":{"_joinchat":[]},"product_cat":[28],"product_tag":[],"_links":{"self":[{"href":"https:\/\/camisetasebrindesexpress.com.br\/index.php\/wp-json\/wp\/v2\/product\/2809"}],"collection":[{"href":"https:\/\/camisetasebrindesexpress.com.br\/index.php\/wp-json\/wp\/v2\/product"}],"about":[{"href":"https:\/\/camisetasebrindesexpress.com.br\/index.php\/wp-json\/wp\/v2\/types\/product"}],"replies":[{"embeddable":true,"href":"https:\/\/camisetasebrindesexpress.com.br\/index.php\/wp-json\/wp\/v2\/comments?post=2809"}],"wp:featuredmedia":[{"embeddable":true,"href":"https:\/\/camisetasebrindesexpress.com.br\/index.php\/wp-json\/wp\/v2\/media\/2812"}],"wp:attachment":[{"href":"https:\/\/camisetasebrindesexpress.com.br\/index.php\/wp-json\/wp\/v2\/media?parent=2809"}],"wp:term":[{"taxonomy":"product_cat","embeddable":true,"href":"https:\/\/camisetasebrindesexpress.com.br\/index.php\/wp-json\/wp\/v2\/product_cat?post=2809"},{"taxonomy":"product_tag","embeddable":true,"href":"https:\/\/camisetasebrindesexpress.com.br\/index.php\/wp-json\/wp\/v2\/product_tag?post=2809"}],"curies":[{"name":"wp","href":"https:\/\/api.w.org\/{rel}","templated":true}]}}