{"id":2753,"date":"2024-05-20T09:16:26","date_gmt":"2024-05-20T12:16:26","guid":{"rendered":"https:\/\/camisetasebrindesexpress.com.br\/?post_type=product&#038;p=2753"},"modified":"2024-05-20T09:16:26","modified_gmt":"2024-05-20T12:16:26","slug":"92722-deniro-bolsa-de-cosmeticos-hermetica-em-pvc","status":"publish","type":"product","link":"https:\/\/camisetasebrindesexpress.com.br\/index.php\/produto\/92722-deniro-bolsa-de-cosmeticos-hermetica-em-pvc\/","title":{"rendered":"92722 DENIRO. Bolsa de cosm\u00e9ticos herm\u00e9tica em PVC"},"content":{"rendered":"<p>Bolsa de cosm\u00e9ticos herm\u00e9tica em PVC. Incluso 3 frascos (2 x 65 mL e 60 mL), 1 vaporizador (80 mL) e 1 funil. Apropriada para transporte em cabine de avi\u00e3o. 190 x 155 x 40 mm<\/p>\n","protected":false},"excerpt":{"rendered":"<p>Bolsa de cosm\u00e9ticos herm\u00e9tica em PVC. Incluso 3 frascos (2 x 65 mL e 60 mL), 1 vaporizador (80 mL) e 1 funil. Apropriada para transporte em cabine de avi\u00e3o. 190 x 155 x 40 mm<\/p>\n","protected":false},"featured_media":2757,"comment_status":"open","ping_status":"closed","template":"","meta":{"_joinchat":[]},"product_cat":[28],"product_tag":[],"_links":{"self":[{"href":"https:\/\/camisetasebrindesexpress.com.br\/index.php\/wp-json\/wp\/v2\/product\/2753"}],"collection":[{"href":"https:\/\/camisetasebrindesexpress.com.br\/index.php\/wp-json\/wp\/v2\/product"}],"about":[{"href":"https:\/\/camisetasebrindesexpress.com.br\/index.php\/wp-json\/wp\/v2\/types\/product"}],"replies":[{"embeddable":true,"href":"https:\/\/camisetasebrindesexpress.com.br\/index.php\/wp-json\/wp\/v2\/comments?post=2753"}],"wp:featuredmedia":[{"embeddable":true,"href":"https:\/\/camisetasebrindesexpress.com.br\/index.php\/wp-json\/wp\/v2\/media\/2757"}],"wp:attachment":[{"href":"https:\/\/camisetasebrindesexpress.com.br\/index.php\/wp-json\/wp\/v2\/media?parent=2753"}],"wp:term":[{"taxonomy":"product_cat","embeddable":true,"href":"https:\/\/camisetasebrindesexpress.com.br\/index.php\/wp-json\/wp\/v2\/product_cat?post=2753"},{"taxonomy":"product_tag","embeddable":true,"href":"https:\/\/camisetasebrindesexpress.com.br\/index.php\/wp-json\/wp\/v2\/product_tag?post=2753"}],"curies":[{"name":"wp","href":"https:\/\/api.w.org\/{rel}","templated":true}]}}