{"id":2704,"date":"2024-05-20T08:56:04","date_gmt":"2024-05-20T11:56:04","guid":{"rendered":"https:\/\/camisetasebrindesexpress.com.br\/?post_type=product&#038;p=2704"},"modified":"2024-05-20T08:56:04","modified_gmt":"2024-05-20T11:56:04","slug":"92715-crowe-bolsa-de-cosmeticos-em-microfibra-com-detalhe-em-c-sintetico","status":"publish","type":"product","link":"https:\/\/camisetasebrindesexpress.com.br\/index.php\/produto\/92715-crowe-bolsa-de-cosmeticos-em-microfibra-com-detalhe-em-c-sintetico\/","title":{"rendered":"92715 CROWE. Bolsa de cosm\u00e9ticos em microfibra com detalhe em c.sint\u00e9tico"},"content":{"rendered":"<div class=\"texto\">Bolsa de cosm\u00e9ticos em microfibra com detalhe em c. sint\u00e9tico e z\u00edper duplo. 180 x 120 x 100 mm<\/div>\n<div class=\"tag catalogo\">SPOT<\/div>\n","protected":false},"excerpt":{"rendered":"<p>Bolsa de cosm\u00e9ticos em microfibra com detalhe em c. sint\u00e9tico e z\u00edper duplo. 180 x 120 x 100 mm SPOT<\/p>\n","protected":false},"featured_media":2707,"comment_status":"open","ping_status":"closed","template":"","meta":{"_joinchat":[]},"product_cat":[28],"product_tag":[],"_links":{"self":[{"href":"https:\/\/camisetasebrindesexpress.com.br\/index.php\/wp-json\/wp\/v2\/product\/2704"}],"collection":[{"href":"https:\/\/camisetasebrindesexpress.com.br\/index.php\/wp-json\/wp\/v2\/product"}],"about":[{"href":"https:\/\/camisetasebrindesexpress.com.br\/index.php\/wp-json\/wp\/v2\/types\/product"}],"replies":[{"embeddable":true,"href":"https:\/\/camisetasebrindesexpress.com.br\/index.php\/wp-json\/wp\/v2\/comments?post=2704"}],"wp:featuredmedia":[{"embeddable":true,"href":"https:\/\/camisetasebrindesexpress.com.br\/index.php\/wp-json\/wp\/v2\/media\/2707"}],"wp:attachment":[{"href":"https:\/\/camisetasebrindesexpress.com.br\/index.php\/wp-json\/wp\/v2\/media?parent=2704"}],"wp:term":[{"taxonomy":"product_cat","embeddable":true,"href":"https:\/\/camisetasebrindesexpress.com.br\/index.php\/wp-json\/wp\/v2\/product_cat?post=2704"},{"taxonomy":"product_tag","embeddable":true,"href":"https:\/\/camisetasebrindesexpress.com.br\/index.php\/wp-json\/wp\/v2\/product_tag?post=2704"}],"curies":[{"name":"wp","href":"https:\/\/api.w.org\/{rel}","templated":true}]}}