{"id":2566,"date":"2024-05-16T16:14:43","date_gmt":"2024-05-16T19:14:43","guid":{"rendered":"https:\/\/camisetasebrindesexpress.com.br\/?post_type=product&#038;p=2566"},"modified":"2024-05-16T16:14:43","modified_gmt":"2024-05-16T19:14:43","slug":"93844-bottura-kit-churrasco-em-estojo-de-bambu-com-6-pecas-em-aco-inox-e-bambu","status":"publish","type":"product","link":"https:\/\/camisetasebrindesexpress.com.br\/index.php\/produto\/93844-bottura-kit-churrasco-em-estojo-de-bambu-com-6-pecas-em-aco-inox-e-bambu\/","title":{"rendered":"93844 BOTTURA. Kit churrasco em estojo de bambu com 6 pe\u00e7as em a\u00e7o inox e bambu"},"content":{"rendered":"<p>Kit churrasco em estojo de bambu. Composto por 6 pe\u00e7as em a\u00e7o inox e bambu: faca chefe, faca m\u00e9dia, faca japonesa, pin\u00e7a, garfo e afiador. Certifica\u00e7\u00e3o EU Food Grade. Por ser um produto composto por materiais naturais, a cor e tamanho do produto e o resultado da impress\u00e3o podem variar entre produtos. Estojo: 455 x 160 x 65 mm<\/p>\n","protected":false},"excerpt":{"rendered":"<p>Kit churrasco em estojo de bambu. Composto por 6 pe\u00e7as em a\u00e7o inox e bambu: faca chefe, faca m\u00e9dia, faca japonesa, pin\u00e7a, garfo e afiador. Certifica\u00e7\u00e3o EU Food Grade. Por ser um produto composto por materiais naturais, a cor e tamanho do produto e o resultado da impress\u00e3o podem variar entre produtos. Estojo: 455 x [&hellip;]<\/p>\n","protected":false},"featured_media":2573,"comment_status":"open","ping_status":"closed","template":"","meta":{"_joinchat":[]},"product_cat":[27],"product_tag":[],"_links":{"self":[{"href":"https:\/\/camisetasebrindesexpress.com.br\/index.php\/wp-json\/wp\/v2\/product\/2566"}],"collection":[{"href":"https:\/\/camisetasebrindesexpress.com.br\/index.php\/wp-json\/wp\/v2\/product"}],"about":[{"href":"https:\/\/camisetasebrindesexpress.com.br\/index.php\/wp-json\/wp\/v2\/types\/product"}],"replies":[{"embeddable":true,"href":"https:\/\/camisetasebrindesexpress.com.br\/index.php\/wp-json\/wp\/v2\/comments?post=2566"}],"wp:featuredmedia":[{"embeddable":true,"href":"https:\/\/camisetasebrindesexpress.com.br\/index.php\/wp-json\/wp\/v2\/media\/2573"}],"wp:attachment":[{"href":"https:\/\/camisetasebrindesexpress.com.br\/index.php\/wp-json\/wp\/v2\/media?parent=2566"}],"wp:term":[{"taxonomy":"product_cat","embeddable":true,"href":"https:\/\/camisetasebrindesexpress.com.br\/index.php\/wp-json\/wp\/v2\/product_cat?post=2566"},{"taxonomy":"product_tag","embeddable":true,"href":"https:\/\/camisetasebrindesexpress.com.br\/index.php\/wp-json\/wp\/v2\/product_tag?post=2566"}],"curies":[{"name":"wp","href":"https:\/\/api.w.org\/{rel}","templated":true}]}}