{"id":2521,"date":"2024-05-16T16:01:21","date_gmt":"2024-05-16T19:01:21","guid":{"rendered":"https:\/\/camisetasebrindesexpress.com.br\/?post_type=product&#038;p=2521"},"modified":"2024-05-16T16:01:21","modified_gmt":"2024-05-16T19:01:21","slug":"93968-pepper-saladeira-em-bambu-em-formato-quadrado","status":"publish","type":"product","link":"https:\/\/camisetasebrindesexpress.com.br\/index.php\/produto\/93968-pepper-saladeira-em-bambu-em-formato-quadrado\/","title":{"rendered":"93968 PEPPER. Saladeira em bambu em formato quadrado"},"content":{"rendered":"<p>Saladeira em bambu em formato quadrado. Adicione o conjunto Salvy de 2 talheres para salada em bambu para compor este brinde ecol\u00f3gico. Certifica\u00e7\u00e3o EU Food Grade. Por ser um produto composto por materiais naturais, a cor e tamanho do produto e o resultado da impress\u00e3o podem variar entre produtos. 214 x 214 x 70 mm<\/p>\n","protected":false},"excerpt":{"rendered":"<p>Saladeira em bambu em formato quadrado. Adicione o conjunto Salvy de 2 talheres para salada em bambu para compor este brinde ecol\u00f3gico. Certifica\u00e7\u00e3o EU Food Grade. Por ser um produto composto por materiais naturais, a cor e tamanho do produto e o resultado da impress\u00e3o podem variar entre produtos. 214 x 214 x 70 mm<\/p>\n","protected":false},"featured_media":2524,"comment_status":"open","ping_status":"closed","template":"","meta":{"_joinchat":[]},"product_cat":[27],"product_tag":[],"_links":{"self":[{"href":"https:\/\/camisetasebrindesexpress.com.br\/index.php\/wp-json\/wp\/v2\/product\/2521"}],"collection":[{"href":"https:\/\/camisetasebrindesexpress.com.br\/index.php\/wp-json\/wp\/v2\/product"}],"about":[{"href":"https:\/\/camisetasebrindesexpress.com.br\/index.php\/wp-json\/wp\/v2\/types\/product"}],"replies":[{"embeddable":true,"href":"https:\/\/camisetasebrindesexpress.com.br\/index.php\/wp-json\/wp\/v2\/comments?post=2521"}],"wp:featuredmedia":[{"embeddable":true,"href":"https:\/\/camisetasebrindesexpress.com.br\/index.php\/wp-json\/wp\/v2\/media\/2524"}],"wp:attachment":[{"href":"https:\/\/camisetasebrindesexpress.com.br\/index.php\/wp-json\/wp\/v2\/media?parent=2521"}],"wp:term":[{"taxonomy":"product_cat","embeddable":true,"href":"https:\/\/camisetasebrindesexpress.com.br\/index.php\/wp-json\/wp\/v2\/product_cat?post=2521"},{"taxonomy":"product_tag","embeddable":true,"href":"https:\/\/camisetasebrindesexpress.com.br\/index.php\/wp-json\/wp\/v2\/product_tag?post=2521"}],"curies":[{"name":"wp","href":"https:\/\/api.w.org\/{rel}","templated":true}]}}