{"id":2501,"date":"2024-05-16T15:56:57","date_gmt":"2024-05-16T18:56:57","guid":{"rendered":"https:\/\/camisetasebrindesexpress.com.br\/?post_type=product&#038;p=2501"},"modified":"2024-05-16T15:56:57","modified_gmt":"2024-05-16T18:56:57","slug":"93975-malvia-tabua-de-queijos-em-bambu-com-faca-inclusa","status":"publish","type":"product","link":"https:\/\/camisetasebrindesexpress.com.br\/index.php\/produto\/93975-malvia-tabua-de-queijos-em-bambu-com-faca-inclusa\/","title":{"rendered":"93975 MALVIA. T\u00e1bua de queijos em bambu com faca inclusa"},"content":{"rendered":"<p>T\u00e1bua de queijos em bambu com faca inclusa. Certifica\u00e7\u00e3o EU Food Grade. Fornecido em caixa presente kraft. Por ser um produto composto por materiais naturais, a cor e tamanho do produto e o resultado da impress\u00e3o podem variar entre produtos. 300 x 260 x 15 mm | Caixa: 307 x 267 x 21 mm<\/p>\n","protected":false},"excerpt":{"rendered":"<p>T\u00e1bua de queijos em bambu com faca inclusa. Certifica\u00e7\u00e3o EU Food Grade. Fornecido em caixa presente kraft. Por ser um produto composto por materiais naturais, a cor e tamanho do produto e o resultado da impress\u00e3o podem variar entre produtos. 300 x 260 x 15 mm | Caixa: 307 x 267 x 21 mm<\/p>\n","protected":false},"featured_media":2505,"comment_status":"open","ping_status":"closed","template":"","meta":{"_joinchat":[]},"product_cat":[27],"product_tag":[],"_links":{"self":[{"href":"https:\/\/camisetasebrindesexpress.com.br\/index.php\/wp-json\/wp\/v2\/product\/2501"}],"collection":[{"href":"https:\/\/camisetasebrindesexpress.com.br\/index.php\/wp-json\/wp\/v2\/product"}],"about":[{"href":"https:\/\/camisetasebrindesexpress.com.br\/index.php\/wp-json\/wp\/v2\/types\/product"}],"replies":[{"embeddable":true,"href":"https:\/\/camisetasebrindesexpress.com.br\/index.php\/wp-json\/wp\/v2\/comments?post=2501"}],"wp:featuredmedia":[{"embeddable":true,"href":"https:\/\/camisetasebrindesexpress.com.br\/index.php\/wp-json\/wp\/v2\/media\/2505"}],"wp:attachment":[{"href":"https:\/\/camisetasebrindesexpress.com.br\/index.php\/wp-json\/wp\/v2\/media?parent=2501"}],"wp:term":[{"taxonomy":"product_cat","embeddable":true,"href":"https:\/\/camisetasebrindesexpress.com.br\/index.php\/wp-json\/wp\/v2\/product_cat?post=2501"},{"taxonomy":"product_tag","embeddable":true,"href":"https:\/\/camisetasebrindesexpress.com.br\/index.php\/wp-json\/wp\/v2\/product_tag?post=2501"}],"curies":[{"name":"wp","href":"https:\/\/api.w.org\/{rel}","templated":true}]}}