{"id":2431,"date":"2024-05-15T17:00:03","date_gmt":"2024-05-15T20:00:03","guid":{"rendered":"https:\/\/camisetasebrindesexpress.com.br\/?post_type=product&#038;p=2431"},"modified":"2024-05-15T17:00:03","modified_gmt":"2024-05-15T20:00:03","slug":"94690-gilded-squeeze-dobravel-460-ml","status":"publish","type":"product","link":"https:\/\/camisetasebrindesexpress.com.br\/index.php\/produto\/94690-gilded-squeeze-dobravel-460-ml\/","title":{"rendered":"94690 GILDED. Squeeze dobr\u00e1vel 460 mL"},"content":{"rendered":"<p>Squeeze dobr\u00e1vel com mosquet\u00e3o e tampa, com capacidade at\u00e9 460 mL, dispon\u00edvel em cores metalizadas. Certifica\u00e7\u00e3o EU Food Grade. 110 x 218 x 64 mm<\/p>\n","protected":false},"excerpt":{"rendered":"<p>Squeeze dobr\u00e1vel com mosquet\u00e3o e tampa, com capacidade at\u00e9 460 mL, dispon\u00edvel em cores metalizadas. Certifica\u00e7\u00e3o EU Food Grade. 110 x 218 x 64 mm<\/p>\n","protected":false},"featured_media":2435,"comment_status":"open","ping_status":"closed","template":"","meta":{"_joinchat":[]},"product_cat":[24],"product_tag":[],"_links":{"self":[{"href":"https:\/\/camisetasebrindesexpress.com.br\/index.php\/wp-json\/wp\/v2\/product\/2431"}],"collection":[{"href":"https:\/\/camisetasebrindesexpress.com.br\/index.php\/wp-json\/wp\/v2\/product"}],"about":[{"href":"https:\/\/camisetasebrindesexpress.com.br\/index.php\/wp-json\/wp\/v2\/types\/product"}],"replies":[{"embeddable":true,"href":"https:\/\/camisetasebrindesexpress.com.br\/index.php\/wp-json\/wp\/v2\/comments?post=2431"}],"wp:featuredmedia":[{"embeddable":true,"href":"https:\/\/camisetasebrindesexpress.com.br\/index.php\/wp-json\/wp\/v2\/media\/2435"}],"wp:attachment":[{"href":"https:\/\/camisetasebrindesexpress.com.br\/index.php\/wp-json\/wp\/v2\/media?parent=2431"}],"wp:term":[{"taxonomy":"product_cat","embeddable":true,"href":"https:\/\/camisetasebrindesexpress.com.br\/index.php\/wp-json\/wp\/v2\/product_cat?post=2431"},{"taxonomy":"product_tag","embeddable":true,"href":"https:\/\/camisetasebrindesexpress.com.br\/index.php\/wp-json\/wp\/v2\/product_tag?post=2431"}],"curies":[{"name":"wp","href":"https:\/\/api.w.org\/{rel}","templated":true}]}}