{"id":2413,"date":"2024-05-15T16:40:08","date_gmt":"2024-05-15T19:40:08","guid":{"rendered":"https:\/\/camisetasebrindesexpress.com.br\/?post_type=product&#038;p=2413"},"modified":"2024-05-15T16:40:08","modified_gmt":"2024-05-15T19:40:08","slug":"94628-dudley-squeeze-em-tritan-com-tampa-em-pp-750-ml","status":"publish","type":"product","link":"https:\/\/camisetasebrindesexpress.com.br\/index.php\/produto\/94628-dudley-squeeze-em-tritan-com-tampa-em-pp-750-ml\/","title":{"rendered":"94628 DUDLEY. Squeeze em tritan\u2122 com tampa em PP 750 mL"},"content":{"rendered":"<p>Squeeze em tritan\u2122 com tampa em PP, canudo flex\u00edvel (no interior) e com sistema de abertura e fecho f\u00e1cil. Cont\u00e9m suporte para celular e tem capacidade at\u00e9 750 mL. Certifica\u00e7\u00e3o EU Food Grade. Caixa branca 94657 vendida opcionalmente. \u00f875 x 222 mm<\/p>\n","protected":false},"excerpt":{"rendered":"<p>Squeeze em tritan\u2122 com tampa em PP, canudo flex\u00edvel (no interior) e com sistema de abertura e fecho f\u00e1cil. Cont\u00e9m suporte para celular e tem capacidade at\u00e9 750 mL. Certifica\u00e7\u00e3o EU Food Grade. Caixa branca 94657 vendida opcionalmente. \u00f875 x 222 mm<\/p>\n","protected":false},"featured_media":2412,"comment_status":"open","ping_status":"closed","template":"","meta":{"_joinchat":[]},"product_cat":[24],"product_tag":[],"_links":{"self":[{"href":"https:\/\/camisetasebrindesexpress.com.br\/index.php\/wp-json\/wp\/v2\/product\/2413"}],"collection":[{"href":"https:\/\/camisetasebrindesexpress.com.br\/index.php\/wp-json\/wp\/v2\/product"}],"about":[{"href":"https:\/\/camisetasebrindesexpress.com.br\/index.php\/wp-json\/wp\/v2\/types\/product"}],"replies":[{"embeddable":true,"href":"https:\/\/camisetasebrindesexpress.com.br\/index.php\/wp-json\/wp\/v2\/comments?post=2413"}],"wp:featuredmedia":[{"embeddable":true,"href":"https:\/\/camisetasebrindesexpress.com.br\/index.php\/wp-json\/wp\/v2\/media\/2412"}],"wp:attachment":[{"href":"https:\/\/camisetasebrindesexpress.com.br\/index.php\/wp-json\/wp\/v2\/media?parent=2413"}],"wp:term":[{"taxonomy":"product_cat","embeddable":true,"href":"https:\/\/camisetasebrindesexpress.com.br\/index.php\/wp-json\/wp\/v2\/product_cat?post=2413"},{"taxonomy":"product_tag","embeddable":true,"href":"https:\/\/camisetasebrindesexpress.com.br\/index.php\/wp-json\/wp\/v2\/product_tag?post=2413"}],"curies":[{"name":"wp","href":"https:\/\/api.w.org\/{rel}","templated":true}]}}