{"id":2235,"date":"2024-05-15T15:55:37","date_gmt":"2024-05-15T18:55:37","guid":{"rendered":"https:\/\/camisetasebrindesexpress.com.br\/?post_type=product&#038;p=2235"},"modified":"2024-05-15T15:55:37","modified_gmt":"2024-05-15T18:55:37","slug":"93873-expresso-conjunto-de-cafe-em-vidro-isotermico-com-2-copos-75-ml","status":"publish","type":"product","link":"https:\/\/camisetasebrindesexpress.com.br\/index.php\/produto\/93873-expresso-conjunto-de-cafe-em-vidro-isotermico-com-2-copos-75-ml\/","title":{"rendered":"93873 EXPRESSO. Conjunto de caf\u00e9 em vidro isot\u00e9rmico com 2 copos 75 mL"},"content":{"rendered":"<p>Conjunto de caf\u00e9 em vidro isot\u00e9rmico com 2 copos com parede dupla isolada a ar e capacidade at\u00e9 75 mL. Fornecido em caixa presente personaliz\u00e1vel. Caixa: 133 x 65 x 65 mm<\/p>\n","protected":false},"excerpt":{"rendered":"<p>Conjunto de caf\u00e9 em vidro isot\u00e9rmico com 2 copos com parede dupla isolada a ar e capacidade at\u00e9 75 mL. Fornecido em caixa presente personaliz\u00e1vel. Caixa: 133 x 65 x 65 mm<\/p>\n","protected":false},"featured_media":2240,"comment_status":"open","ping_status":"closed","template":"","meta":{"_joinchat":[]},"product_cat":[24],"product_tag":[],"_links":{"self":[{"href":"https:\/\/camisetasebrindesexpress.com.br\/index.php\/wp-json\/wp\/v2\/product\/2235"}],"collection":[{"href":"https:\/\/camisetasebrindesexpress.com.br\/index.php\/wp-json\/wp\/v2\/product"}],"about":[{"href":"https:\/\/camisetasebrindesexpress.com.br\/index.php\/wp-json\/wp\/v2\/types\/product"}],"replies":[{"embeddable":true,"href":"https:\/\/camisetasebrindesexpress.com.br\/index.php\/wp-json\/wp\/v2\/comments?post=2235"}],"wp:featuredmedia":[{"embeddable":true,"href":"https:\/\/camisetasebrindesexpress.com.br\/index.php\/wp-json\/wp\/v2\/media\/2240"}],"wp:attachment":[{"href":"https:\/\/camisetasebrindesexpress.com.br\/index.php\/wp-json\/wp\/v2\/media?parent=2235"}],"wp:term":[{"taxonomy":"product_cat","embeddable":true,"href":"https:\/\/camisetasebrindesexpress.com.br\/index.php\/wp-json\/wp\/v2\/product_cat?post=2235"},{"taxonomy":"product_tag","embeddable":true,"href":"https:\/\/camisetasebrindesexpress.com.br\/index.php\/wp-json\/wp\/v2\/product_tag?post=2235"}],"curies":[{"name":"wp","href":"https:\/\/api.w.org\/{rel}","templated":true}]}}