{"id":2206,"date":"2024-05-15T15:40:40","date_gmt":"2024-05-15T18:40:40","guid":{"rendered":"https:\/\/camisetasebrindesexpress.com.br\/?post_type=product&#038;p=2206"},"modified":"2024-05-15T15:40:40","modified_gmt":"2024-05-15T18:40:40","slug":"94239-sow-squeeze-termica-em-bambu-e-aco-inoxidavel-440-ml","status":"publish","type":"product","link":"https:\/\/camisetasebrindesexpress.com.br\/index.php\/produto\/94239-sow-squeeze-termica-em-bambu-e-aco-inoxidavel-440-ml\/","title":{"rendered":"94239 SOW. Squeeze t\u00e9rmica em bambu e a\u00e7o inoxid\u00e1vel 440 mL"},"content":{"rendered":"<p>Squeeze t\u00e9rmico em bambu e a\u00e7o inox, com parede dupla isolada a v\u00e1cuo e infusor para ch\u00e1. Capacidade at\u00e9 440 mL. Preserva as bebidas quentes por 8 horas e as bebidas frias por 24 horas. Certifica\u00e7\u00e3o EU Food Grade. Fornecido em caixa presente de papel kraft. \u00f870 x 215 mm<\/p>\n","protected":false},"excerpt":{"rendered":"<p>Squeeze t\u00e9rmico em bambu e a\u00e7o inox, com parede dupla isolada a v\u00e1cuo e infusor para ch\u00e1. Capacidade at\u00e9 440 mL. Preserva as bebidas quentes por 8 horas e as bebidas frias por 24 horas. Certifica\u00e7\u00e3o EU Food Grade. Fornecido em caixa presente de papel kraft. \u00f870 x 215 mm<\/p>\n","protected":false},"featured_media":2211,"comment_status":"open","ping_status":"closed","template":"","meta":{"_joinchat":[]},"product_cat":[24],"product_tag":[],"_links":{"self":[{"href":"https:\/\/camisetasebrindesexpress.com.br\/index.php\/wp-json\/wp\/v2\/product\/2206"}],"collection":[{"href":"https:\/\/camisetasebrindesexpress.com.br\/index.php\/wp-json\/wp\/v2\/product"}],"about":[{"href":"https:\/\/camisetasebrindesexpress.com.br\/index.php\/wp-json\/wp\/v2\/types\/product"}],"replies":[{"embeddable":true,"href":"https:\/\/camisetasebrindesexpress.com.br\/index.php\/wp-json\/wp\/v2\/comments?post=2206"}],"wp:featuredmedia":[{"embeddable":true,"href":"https:\/\/camisetasebrindesexpress.com.br\/index.php\/wp-json\/wp\/v2\/media\/2211"}],"wp:attachment":[{"href":"https:\/\/camisetasebrindesexpress.com.br\/index.php\/wp-json\/wp\/v2\/media?parent=2206"}],"wp:term":[{"taxonomy":"product_cat","embeddable":true,"href":"https:\/\/camisetasebrindesexpress.com.br\/index.php\/wp-json\/wp\/v2\/product_cat?post=2206"},{"taxonomy":"product_tag","embeddable":true,"href":"https:\/\/camisetasebrindesexpress.com.br\/index.php\/wp-json\/wp\/v2\/product_tag?post=2206"}],"curies":[{"name":"wp","href":"https:\/\/api.w.org\/{rel}","templated":true}]}}