{"id":2102,"date":"2024-05-15T01:22:15","date_gmt":"2024-05-15T04:22:15","guid":{"rendered":"https:\/\/camisetasebrindesexpress.com.br\/?post_type=product&#038;p=2102"},"modified":"2024-05-15T01:22:15","modified_gmt":"2024-05-15T04:22:15","slug":"98418-singapore-cooler-bolsa-termica-9-l-em-600d","status":"publish","type":"product","link":"https:\/\/camisetasebrindesexpress.com.br\/index.php\/produto\/98418-singapore-cooler-bolsa-termica-9-l-em-600d\/","title":{"rendered":"98418 SINGAPORE. Cooler. Bolsa t\u00e9rmica 9 L em 600D"},"content":{"rendered":"<p>Bolsa t\u00e9rmica em 600D com al\u00e7a ajust\u00e1vel em webbing, bolso frontal e capacidade at\u00e9 9 L. Certifica\u00e7\u00e3o EU Food Grade. 240 x 220 x 170 mm<\/p>\n","protected":false},"excerpt":{"rendered":"<p>Bolsa t\u00e9rmica em 600D com al\u00e7a ajust\u00e1vel em webbing, bolso frontal e capacidade at\u00e9 9 L. Certifica\u00e7\u00e3o EU Food Grade. 240 x 220 x 170 mm<\/p>\n","protected":false},"featured_media":2106,"comment_status":"open","ping_status":"closed","template":"","meta":{"_joinchat":[]},"product_cat":[22],"product_tag":[],"_links":{"self":[{"href":"https:\/\/camisetasebrindesexpress.com.br\/index.php\/wp-json\/wp\/v2\/product\/2102"}],"collection":[{"href":"https:\/\/camisetasebrindesexpress.com.br\/index.php\/wp-json\/wp\/v2\/product"}],"about":[{"href":"https:\/\/camisetasebrindesexpress.com.br\/index.php\/wp-json\/wp\/v2\/types\/product"}],"replies":[{"embeddable":true,"href":"https:\/\/camisetasebrindesexpress.com.br\/index.php\/wp-json\/wp\/v2\/comments?post=2102"}],"wp:featuredmedia":[{"embeddable":true,"href":"https:\/\/camisetasebrindesexpress.com.br\/index.php\/wp-json\/wp\/v2\/media\/2106"}],"wp:attachment":[{"href":"https:\/\/camisetasebrindesexpress.com.br\/index.php\/wp-json\/wp\/v2\/media?parent=2102"}],"wp:term":[{"taxonomy":"product_cat","embeddable":true,"href":"https:\/\/camisetasebrindesexpress.com.br\/index.php\/wp-json\/wp\/v2\/product_cat?post=2102"},{"taxonomy":"product_tag","embeddable":true,"href":"https:\/\/camisetasebrindesexpress.com.br\/index.php\/wp-json\/wp\/v2\/product_tag?post=2102"}],"curies":[{"name":"wp","href":"https:\/\/api.w.org\/{rel}","templated":true}]}}