{"id":2097,"date":"2024-05-15T01:20:59","date_gmt":"2024-05-15T04:20:59","guid":{"rendered":"https:\/\/camisetasebrindesexpress.com.br\/?post_type=product&#038;p=2097"},"modified":"2024-05-15T01:20:59","modified_gmt":"2024-05-15T04:20:59","slug":"98415-melville-cooler-bolsa-termica-12-l-em-600d","status":"publish","type":"product","link":"https:\/\/camisetasebrindesexpress.com.br\/index.php\/produto\/98415-melville-cooler-bolsa-termica-12-l-em-600d\/","title":{"rendered":"98415 MELVILLE. Cooler. Bolsa t\u00e9rmica 12 L em 600D"},"content":{"rendered":"<p>Bolsa t\u00e9rmica em 600D com ziper duplo, al\u00e7a ajust\u00e1vel em webbing e bolso frontal. A bolsa tem capacidade at\u00e9 12 L. Certifica\u00e7\u00e3o EU Food Grade. 290 x 340 x 190 mm<\/p>\n","protected":false},"excerpt":{"rendered":"<p>Bolsa t\u00e9rmica em 600D com ziper duplo, al\u00e7a ajust\u00e1vel em webbing e bolso frontal. A bolsa tem capacidade at\u00e9 12 L. Certifica\u00e7\u00e3o EU Food Grade. 290 x 340 x 190 mm<\/p>\n","protected":false},"featured_media":2101,"comment_status":"open","ping_status":"closed","template":"","meta":{"_joinchat":[]},"product_cat":[22],"product_tag":[],"_links":{"self":[{"href":"https:\/\/camisetasebrindesexpress.com.br\/index.php\/wp-json\/wp\/v2\/product\/2097"}],"collection":[{"href":"https:\/\/camisetasebrindesexpress.com.br\/index.php\/wp-json\/wp\/v2\/product"}],"about":[{"href":"https:\/\/camisetasebrindesexpress.com.br\/index.php\/wp-json\/wp\/v2\/types\/product"}],"replies":[{"embeddable":true,"href":"https:\/\/camisetasebrindesexpress.com.br\/index.php\/wp-json\/wp\/v2\/comments?post=2097"}],"wp:featuredmedia":[{"embeddable":true,"href":"https:\/\/camisetasebrindesexpress.com.br\/index.php\/wp-json\/wp\/v2\/media\/2101"}],"wp:attachment":[{"href":"https:\/\/camisetasebrindesexpress.com.br\/index.php\/wp-json\/wp\/v2\/media?parent=2097"}],"wp:term":[{"taxonomy":"product_cat","embeddable":true,"href":"https:\/\/camisetasebrindesexpress.com.br\/index.php\/wp-json\/wp\/v2\/product_cat?post=2097"},{"taxonomy":"product_tag","embeddable":true,"href":"https:\/\/camisetasebrindesexpress.com.br\/index.php\/wp-json\/wp\/v2\/product_tag?post=2097"}],"curies":[{"name":"wp","href":"https:\/\/api.w.org\/{rel}","templated":true}]}}