{"id":2080,"date":"2024-05-15T01:17:26","date_gmt":"2024-05-15T04:17:26","guid":{"rendered":"https:\/\/camisetasebrindesexpress.com.br\/?post_type=product&#038;p=2080"},"modified":"2024-05-15T01:17:26","modified_gmt":"2024-05-15T04:17:26","slug":"98420-philadel-cooler-sacola-termica-21-l-em-600d","status":"publish","type":"product","link":"https:\/\/camisetasebrindesexpress.com.br\/index.php\/produto\/98420-philadel-cooler-sacola-termica-21-l-em-600d\/","title":{"rendered":"98420 PHILADEL. Cooler. Sacola t\u00e9rmica 21 L em 600D"},"content":{"rendered":"<p>Sacola t\u00e9rmica em 600D com 2 formas distintas de utiliza\u00e7\u00e3o. Compartimento principal com z\u00edper duplo e interior forrado em PEVA e almofadado. Cont\u00e9m bolso frontal com z\u00edper e al\u00e7as ajust\u00e1veis em webbing com refor\u00e7o. A sacola tem capacidade at\u00e9 21 L. 480 x 330 x 180 mm | 310 x 240 x 180 mm<\/p>\n","protected":false},"excerpt":{"rendered":"<p>Sacola t\u00e9rmica em 600D com 2 formas distintas de utiliza\u00e7\u00e3o. Compartimento principal com z\u00edper duplo e interior forrado em PEVA e almofadado. Cont\u00e9m bolso frontal com z\u00edper e al\u00e7as ajust\u00e1veis em webbing com refor\u00e7o. A sacola tem capacidade at\u00e9 21 L. 480 x 330 x 180 mm | 310 x 240 x 180 mm<\/p>\n","protected":false},"featured_media":2084,"comment_status":"open","ping_status":"closed","template":"","meta":{"_joinchat":[]},"product_cat":[22],"product_tag":[],"_links":{"self":[{"href":"https:\/\/camisetasebrindesexpress.com.br\/index.php\/wp-json\/wp\/v2\/product\/2080"}],"collection":[{"href":"https:\/\/camisetasebrindesexpress.com.br\/index.php\/wp-json\/wp\/v2\/product"}],"about":[{"href":"https:\/\/camisetasebrindesexpress.com.br\/index.php\/wp-json\/wp\/v2\/types\/product"}],"replies":[{"embeddable":true,"href":"https:\/\/camisetasebrindesexpress.com.br\/index.php\/wp-json\/wp\/v2\/comments?post=2080"}],"wp:featuredmedia":[{"embeddable":true,"href":"https:\/\/camisetasebrindesexpress.com.br\/index.php\/wp-json\/wp\/v2\/media\/2084"}],"wp:attachment":[{"href":"https:\/\/camisetasebrindesexpress.com.br\/index.php\/wp-json\/wp\/v2\/media?parent=2080"}],"wp:term":[{"taxonomy":"product_cat","embeddable":true,"href":"https:\/\/camisetasebrindesexpress.com.br\/index.php\/wp-json\/wp\/v2\/product_cat?post=2080"},{"taxonomy":"product_tag","embeddable":true,"href":"https:\/\/camisetasebrindesexpress.com.br\/index.php\/wp-json\/wp\/v2\/product_tag?post=2080"}],"curies":[{"name":"wp","href":"https:\/\/api.w.org\/{rel}","templated":true}]}}