{"id":1795,"date":"2024-05-14T15:48:24","date_gmt":"2024-05-14T18:48:24","guid":{"rendered":"https:\/\/camisetasebrindesexpress.com.br\/?post_type=product&#038;p=1795"},"modified":"2024-05-14T15:48:25","modified_gmt":"2024-05-14T18:48:25","slug":"92163-manaus-mochila-para-notebook-14-em-1680d-e-300d","status":"publish","type":"product","link":"https:\/\/camisetasebrindesexpress.com.br\/index.php\/produto\/92163-manaus-mochila-para-notebook-14-em-1680d-e-300d\/","title":{"rendered":"92163 MANAUS. Mochila para notebook 14&#8221; em 1680D e 300D"},"content":{"rendered":"<p>Mochila para notebook em 1680D e 300D com dois compartimentos para notebook 14&#8221; e para tablet 9.7&#8221;. Interior forrado e almofadado. Bolso frontal com z\u00edper, bolso lateral e placa met\u00e1lica remov\u00edvel com im\u00e3, para f\u00e1cil grava\u00e7\u00e3o. 310 x 400 x 110 mm | Placa: 50 x 20 mm<\/p>\n","protected":false},"excerpt":{"rendered":"<p>Mochila para notebook em 1680D e 300D com dois compartimentos para notebook 14&#8221; e para tablet 9.7&#8221;. Interior forrado e almofadado. Bolso frontal com z\u00edper, bolso lateral e placa met\u00e1lica remov\u00edvel com im\u00e3, para f\u00e1cil grava\u00e7\u00e3o. 310 x 400 x 110 mm | Placa: 50 x 20 mm<\/p>\n","protected":false},"featured_media":1796,"comment_status":"open","ping_status":"closed","template":"","meta":{"_joinchat":[]},"product_cat":[21],"product_tag":[],"_links":{"self":[{"href":"https:\/\/camisetasebrindesexpress.com.br\/index.php\/wp-json\/wp\/v2\/product\/1795"}],"collection":[{"href":"https:\/\/camisetasebrindesexpress.com.br\/index.php\/wp-json\/wp\/v2\/product"}],"about":[{"href":"https:\/\/camisetasebrindesexpress.com.br\/index.php\/wp-json\/wp\/v2\/types\/product"}],"replies":[{"embeddable":true,"href":"https:\/\/camisetasebrindesexpress.com.br\/index.php\/wp-json\/wp\/v2\/comments?post=1795"}],"wp:featuredmedia":[{"embeddable":true,"href":"https:\/\/camisetasebrindesexpress.com.br\/index.php\/wp-json\/wp\/v2\/media\/1796"}],"wp:attachment":[{"href":"https:\/\/camisetasebrindesexpress.com.br\/index.php\/wp-json\/wp\/v2\/media?parent=1795"}],"wp:term":[{"taxonomy":"product_cat","embeddable":true,"href":"https:\/\/camisetasebrindesexpress.com.br\/index.php\/wp-json\/wp\/v2\/product_cat?post=1795"},{"taxonomy":"product_tag","embeddable":true,"href":"https:\/\/camisetasebrindesexpress.com.br\/index.php\/wp-json\/wp\/v2\/product_tag?post=1795"}],"curies":[{"name":"wp","href":"https:\/\/api.w.org\/{rel}","templated":true}]}}