{"id":1620,"date":"2024-05-14T14:40:44","date_gmt":"2024-05-14T17:40:44","guid":{"rendered":"https:\/\/camisetasebrindesexpress.com.br\/?post_type=product&#038;p=1620"},"modified":"2024-05-14T14:40:45","modified_gmt":"2024-05-14T17:40:45","slug":"92125-kathrine-mala-de-cosmeticos-em-600d-e-eva-com-fecho-duplo","status":"publish","type":"product","link":"https:\/\/camisetasebrindesexpress.com.br\/index.php\/produto\/92125-kathrine-mala-de-cosmeticos-em-600d-e-eva-com-fecho-duplo\/","title":{"rendered":"92125 KATHRINE. Mala de cosm\u00e9ticos em 600D e EVA com fecho duplo"},"content":{"rendered":"<p>Mala de cosm\u00e9ticos em 600D e EVA com fecho duplo. Compartimento frontal semi-r\u00edgido e interior forrado com 2 bolsos. A mala tem uma banda para transporte em trolley de viagem e al\u00e7a ajust\u00e1vel em webbing. 305 x 250 x 85 mm<\/p>\n","protected":false},"excerpt":{"rendered":"<p>Mala de cosm\u00e9ticos em 600D e EVA com fecho duplo. Compartimento frontal semi-r\u00edgido e interior forrado com 2 bolsos. A mala tem uma banda para transporte em trolley de viagem e al\u00e7a ajust\u00e1vel em webbing. 305 x 250 x 85 mm<\/p>\n","protected":false},"featured_media":1624,"comment_status":"open","ping_status":"closed","template":"","meta":{"_joinchat":[]},"product_cat":[21],"product_tag":[],"_links":{"self":[{"href":"https:\/\/camisetasebrindesexpress.com.br\/index.php\/wp-json\/wp\/v2\/product\/1620"}],"collection":[{"href":"https:\/\/camisetasebrindesexpress.com.br\/index.php\/wp-json\/wp\/v2\/product"}],"about":[{"href":"https:\/\/camisetasebrindesexpress.com.br\/index.php\/wp-json\/wp\/v2\/types\/product"}],"replies":[{"embeddable":true,"href":"https:\/\/camisetasebrindesexpress.com.br\/index.php\/wp-json\/wp\/v2\/comments?post=1620"}],"wp:featuredmedia":[{"embeddable":true,"href":"https:\/\/camisetasebrindesexpress.com.br\/index.php\/wp-json\/wp\/v2\/media\/1624"}],"wp:attachment":[{"href":"https:\/\/camisetasebrindesexpress.com.br\/index.php\/wp-json\/wp\/v2\/media?parent=1620"}],"wp:term":[{"taxonomy":"product_cat","embeddable":true,"href":"https:\/\/camisetasebrindesexpress.com.br\/index.php\/wp-json\/wp\/v2\/product_cat?post=1620"},{"taxonomy":"product_tag","embeddable":true,"href":"https:\/\/camisetasebrindesexpress.com.br\/index.php\/wp-json\/wp\/v2\/product_tag?post=1620"}],"curies":[{"name":"wp","href":"https:\/\/api.w.org\/{rel}","templated":true}]}}