{"id":1594,"date":"2024-05-14T14:37:33","date_gmt":"2024-05-14T17:37:33","guid":{"rendered":"https:\/\/camisetasebrindesexpress.com.br\/?post_type=product&#038;p=1594"},"modified":"2024-05-14T14:37:33","modified_gmt":"2024-05-14T17:37:33","slug":"92090-coimbra-mala-de-viagem-executivo-em-abs-e-600d-com-4-rodas-duplas-giratorias","status":"publish","type":"product","link":"https:\/\/camisetasebrindesexpress.com.br\/index.php\/produto\/92090-coimbra-mala-de-viagem-executivo-em-abs-e-600d-com-4-rodas-duplas-giratorias\/","title":{"rendered":"92090 COIMBRA. Mala de viagem executivo em ABS e 600D com 4 rodas duplas girat\u00f3rias"},"content":{"rendered":"<p>Mala de viagem executivo em ABS e 600D com 4 rodas duplas girat\u00f3rias, interior forrado e pega extens\u00edvel em alum\u00ednio com altura at\u00e9 460 mm. Compartimento almofadado para notebook at\u00e9 15.6&#8243; e 2 bolsos frontais. Cont\u00e9m fecho de seguran\u00e7a com senha na lateral. Com placa preta de personaliza\u00e7\u00e3o. Capacidade at\u00e9 33 L e peso de 1,67Kg. 320 x 540 x 210 mm<\/p>\n","protected":false},"excerpt":{"rendered":"<p>Mala de viagem executivo em ABS e 600D com 4 rodas duplas girat\u00f3rias, interior forrado e pega extens\u00edvel em alum\u00ednio com altura at\u00e9 460 mm. Compartimento almofadado para notebook at\u00e9 15.6&#8243; e 2 bolsos frontais. Cont\u00e9m fecho de seguran\u00e7a com senha na lateral. Com placa preta de personaliza\u00e7\u00e3o. Capacidade at\u00e9 33 L e peso de [&hellip;]<\/p>\n","protected":false},"featured_media":1603,"comment_status":"open","ping_status":"closed","template":"","meta":{"_joinchat":[]},"product_cat":[21],"product_tag":[],"_links":{"self":[{"href":"https:\/\/camisetasebrindesexpress.com.br\/index.php\/wp-json\/wp\/v2\/product\/1594"}],"collection":[{"href":"https:\/\/camisetasebrindesexpress.com.br\/index.php\/wp-json\/wp\/v2\/product"}],"about":[{"href":"https:\/\/camisetasebrindesexpress.com.br\/index.php\/wp-json\/wp\/v2\/types\/product"}],"replies":[{"embeddable":true,"href":"https:\/\/camisetasebrindesexpress.com.br\/index.php\/wp-json\/wp\/v2\/comments?post=1594"}],"wp:featuredmedia":[{"embeddable":true,"href":"https:\/\/camisetasebrindesexpress.com.br\/index.php\/wp-json\/wp\/v2\/media\/1603"}],"wp:attachment":[{"href":"https:\/\/camisetasebrindesexpress.com.br\/index.php\/wp-json\/wp\/v2\/media?parent=1594"}],"wp:term":[{"taxonomy":"product_cat","embeddable":true,"href":"https:\/\/camisetasebrindesexpress.com.br\/index.php\/wp-json\/wp\/v2\/product_cat?post=1594"},{"taxonomy":"product_tag","embeddable":true,"href":"https:\/\/camisetasebrindesexpress.com.br\/index.php\/wp-json\/wp\/v2\/product_tag?post=1594"}],"curies":[{"name":"wp","href":"https:\/\/api.w.org\/{rel}","templated":true}]}}