{"id":1576,"date":"2024-05-14T14:34:34","date_gmt":"2024-05-14T17:34:34","guid":{"rendered":"https:\/\/camisetasebrindesexpress.com.br\/?post_type=product&#038;p=1576"},"modified":"2024-05-14T14:34:34","modified_gmt":"2024-05-14T17:34:34","slug":"92160-perth-mala-de-viagem-executivo-em-abs-e-pc-com-interior-forrado","status":"publish","type":"product","link":"https:\/\/camisetasebrindesexpress.com.br\/index.php\/produto\/92160-perth-mala-de-viagem-executivo-em-abs-e-pc-com-interior-forrado\/","title":{"rendered":"92160 PERTH. Mala de viagem executivo em ABS e PC com interior forrado"},"content":{"rendered":"<p>Mala de viagem executivo em ABS e PC com interior forrado, com divis\u00f3ria. Fecho de seguran\u00e7a com senha na lateral, 4 rodas duplas girat\u00f3rias e pega extens\u00edvel em alum\u00ednio, com mola (altura pega estendida at\u00e9 510 mm). A mala tem capacidade at\u00e9 33 L e peso de 2,70 kg. 335 x 550 x 230 mm<\/p>\n","protected":false},"excerpt":{"rendered":"<p>Mala de viagem executivo em ABS e PC com interior forrado, com divis\u00f3ria. Fecho de seguran\u00e7a com senha na lateral, 4 rodas duplas girat\u00f3rias e pega extens\u00edvel em alum\u00ednio, com mola (altura pega estendida at\u00e9 510 mm). A mala tem capacidade at\u00e9 33 L e peso de 2,70 kg. 335 x 550 x 230 mm<\/p>\n","protected":false},"featured_media":1584,"comment_status":"open","ping_status":"closed","template":"","meta":{"_joinchat":[]},"product_cat":[21],"product_tag":[],"_links":{"self":[{"href":"https:\/\/camisetasebrindesexpress.com.br\/index.php\/wp-json\/wp\/v2\/product\/1576"}],"collection":[{"href":"https:\/\/camisetasebrindesexpress.com.br\/index.php\/wp-json\/wp\/v2\/product"}],"about":[{"href":"https:\/\/camisetasebrindesexpress.com.br\/index.php\/wp-json\/wp\/v2\/types\/product"}],"replies":[{"embeddable":true,"href":"https:\/\/camisetasebrindesexpress.com.br\/index.php\/wp-json\/wp\/v2\/comments?post=1576"}],"wp:featuredmedia":[{"embeddable":true,"href":"https:\/\/camisetasebrindesexpress.com.br\/index.php\/wp-json\/wp\/v2\/media\/1584"}],"wp:attachment":[{"href":"https:\/\/camisetasebrindesexpress.com.br\/index.php\/wp-json\/wp\/v2\/media?parent=1576"}],"wp:term":[{"taxonomy":"product_cat","embeddable":true,"href":"https:\/\/camisetasebrindesexpress.com.br\/index.php\/wp-json\/wp\/v2\/product_cat?post=1576"},{"taxonomy":"product_tag","embeddable":true,"href":"https:\/\/camisetasebrindesexpress.com.br\/index.php\/wp-json\/wp\/v2\/product_tag?post=1576"}],"curies":[{"name":"wp","href":"https:\/\/api.w.org\/{rel}","templated":true}]}}