{"id":1538,"date":"2024-05-14T13:58:47","date_gmt":"2024-05-14T16:58:47","guid":{"rendered":"https:\/\/camisetasebrindesexpress.com.br\/?post_type=product&#038;p=1538"},"modified":"2024-05-14T13:58:47","modified_gmt":"2024-05-14T16:58:47","slug":"92094-denim-bpack-mochila-em-denim","status":"publish","type":"product","link":"https:\/\/camisetasebrindesexpress.com.br\/index.php\/produto\/92094-denim-bpack-mochila-em-denim\/","title":{"rendered":"92094 DENIM BPACK. Mochila em Denim"},"content":{"rendered":"<p>Mochila casual (300 g\/m\u00b2) em denim. Cont\u00e9m 2 bolsos frontais e al\u00e7as ajust\u00e1veis com webbing de algod\u00e3o. As costuras interiores s\u00e3o refor\u00e7adas para maior resist\u00eancia. 290 x 400 x 130 mm<\/p>\n","protected":false},"excerpt":{"rendered":"<p>Mochila casual (300 g\/m\u00b2) em denim. Cont\u00e9m 2 bolsos frontais e al\u00e7as ajust\u00e1veis com webbing de algod\u00e3o. As costuras interiores s\u00e3o refor\u00e7adas para maior resist\u00eancia. 290 x 400 x 130 mm<\/p>\n","protected":false},"featured_media":1547,"comment_status":"open","ping_status":"closed","template":"","meta":{"_joinchat":[]},"product_cat":[21],"product_tag":[],"_links":{"self":[{"href":"https:\/\/camisetasebrindesexpress.com.br\/index.php\/wp-json\/wp\/v2\/product\/1538"}],"collection":[{"href":"https:\/\/camisetasebrindesexpress.com.br\/index.php\/wp-json\/wp\/v2\/product"}],"about":[{"href":"https:\/\/camisetasebrindesexpress.com.br\/index.php\/wp-json\/wp\/v2\/types\/product"}],"replies":[{"embeddable":true,"href":"https:\/\/camisetasebrindesexpress.com.br\/index.php\/wp-json\/wp\/v2\/comments?post=1538"}],"wp:featuredmedia":[{"embeddable":true,"href":"https:\/\/camisetasebrindesexpress.com.br\/index.php\/wp-json\/wp\/v2\/media\/1547"}],"wp:attachment":[{"href":"https:\/\/camisetasebrindesexpress.com.br\/index.php\/wp-json\/wp\/v2\/media?parent=1538"}],"wp:term":[{"taxonomy":"product_cat","embeddable":true,"href":"https:\/\/camisetasebrindesexpress.com.br\/index.php\/wp-json\/wp\/v2\/product_cat?post=1538"},{"taxonomy":"product_tag","embeddable":true,"href":"https:\/\/camisetasebrindesexpress.com.br\/index.php\/wp-json\/wp\/v2\/product_tag?post=1538"}],"curies":[{"name":"wp","href":"https:\/\/api.w.org\/{rel}","templated":true}]}}