{"id":1521,"date":"2024-05-14T13:56:19","date_gmt":"2024-05-14T16:56:19","guid":{"rendered":"https:\/\/camisetasebrindesexpress.com.br\/?post_type=product&#038;p=1521"},"modified":"2024-05-14T13:56:19","modified_gmt":"2024-05-14T16:56:19","slug":"92080-repurpose-backpack-mochila-para-notebook-600d-rpet","status":"publish","type":"product","link":"https:\/\/camisetasebrindesexpress.com.br\/index.php\/produto\/92080-repurpose-backpack-mochila-para-notebook-600d-rpet\/","title":{"rendered":"92080 REPURPOSE BACKPACK. Mochila para notebook 600D rPET"},"content":{"rendered":"<div class=\"texto\">Mochila para notebook em rPET 600D com al\u00e7as almofadadas. O compartimento principal tem 2 divis\u00f3rias almofadadas para notebook at\u00e9 15.6&#8221; e tablet at\u00e9 10.5&#8221;. Cont\u00e9m dois bolsos com fecho na parte frontal e um bolso lateral em rede com el\u00e1stico. Parte posterior almofadada com banda para transporte em trolley. 300 x 420 x 110 mm<\/div>\n<div class=\"icons\">\n<div class=\"icon\"><img decoding=\"async\" src=\"https:\/\/www.spotgifts.com.br\/fotos\/pictogramas\/94_laptop_inches_6519448566628d789d1a7f.png\" alt=\"SPOT\" \/><\/div>\n<div class=\"icon\"><img decoding=\"async\" src=\"https:\/\/www.spotgifts.com.br\/fotos\/pictogramas\/our_nature_204199429465a696b2f1eac.png\" alt=\"SPOT\" \/><\/div>\n<div class=\"icon\"><img decoding=\"async\" src=\"https:\/\/www.spotgifts.com.br\/fotos\/pictogramas\/106_tablet_inches_13818537496628da9f1c42a.png\" alt=\"SPOT\" \/><\/div>\n<div class=\"icon\"><img decoding=\"async\" src=\"https:\/\/www.spotgifts.com.br\/fotos\/pictogramas\/rpet_6281350156466226ac3266.png\" alt=\"SPOT\" \/><\/div>\n<\/div>\n","protected":false},"excerpt":{"rendered":"<p>Mochila para notebook em rPET 600D com al\u00e7as almofadadas. O compartimento principal tem 2 divis\u00f3rias almofadadas para notebook at\u00e9 15.6&#8221; e tablet at\u00e9 10.5&#8221;. Cont\u00e9m dois bolsos com fecho na parte frontal e um bolso lateral em rede com el\u00e1stico. Parte posterior almofadada com banda para transporte em trolley. 300 x 420 x 110 mm<\/p>\n","protected":false},"featured_media":1529,"comment_status":"open","ping_status":"closed","template":"","meta":{"_joinchat":[]},"product_cat":[21],"product_tag":[],"_links":{"self":[{"href":"https:\/\/camisetasebrindesexpress.com.br\/index.php\/wp-json\/wp\/v2\/product\/1521"}],"collection":[{"href":"https:\/\/camisetasebrindesexpress.com.br\/index.php\/wp-json\/wp\/v2\/product"}],"about":[{"href":"https:\/\/camisetasebrindesexpress.com.br\/index.php\/wp-json\/wp\/v2\/types\/product"}],"replies":[{"embeddable":true,"href":"https:\/\/camisetasebrindesexpress.com.br\/index.php\/wp-json\/wp\/v2\/comments?post=1521"}],"wp:featuredmedia":[{"embeddable":true,"href":"https:\/\/camisetasebrindesexpress.com.br\/index.php\/wp-json\/wp\/v2\/media\/1529"}],"wp:attachment":[{"href":"https:\/\/camisetasebrindesexpress.com.br\/index.php\/wp-json\/wp\/v2\/media?parent=1521"}],"wp:term":[{"taxonomy":"product_cat","embeddable":true,"href":"https:\/\/camisetasebrindesexpress.com.br\/index.php\/wp-json\/wp\/v2\/product_cat?post=1521"},{"taxonomy":"product_tag","embeddable":true,"href":"https:\/\/camisetasebrindesexpress.com.br\/index.php\/wp-json\/wp\/v2\/product_tag?post=1521"}],"curies":[{"name":"wp","href":"https:\/\/api.w.org\/{rel}","templated":true}]}}