{"id":1363,"date":"2024-05-14T12:38:54","date_gmt":"2024-05-14T15:38:54","guid":{"rendered":"https:\/\/camisetasebrindesexpress.com.br\/?post_type=product&#038;p=1363"},"modified":"2024-05-14T12:38:54","modified_gmt":"2024-05-14T15:38:54","slug":"81106-ross-esferografica-em-abs-com-acabamento-brilhante","status":"publish","type":"product","link":"https:\/\/camisetasebrindesexpress.com.br\/index.php\/produto\/81106-ross-esferografica-em-abs-com-acabamento-brilhante\/","title":{"rendered":"81106 ROSS. Esferogr\u00e1fica em ABS com acabamento brilhante"},"content":{"rendered":"<p>Esferogr\u00e1fica em ABS com acabamento brilhante. Ponteira cromada e clipe de grande dimens\u00e3o. At\u00e9 1,5 km de escrita. Produto certificado de acordo com a portaria Inmetro n\u00ba423 de 8\/out\/2021. \u00f812 x 142 mm<\/p>\n","protected":false},"excerpt":{"rendered":"<p>Esferogr\u00e1fica em ABS com acabamento brilhante. Ponteira cromada e clipe de grande dimens\u00e3o. At\u00e9 1,5 km de escrita. Produto certificado de acordo com a portaria Inmetro n\u00ba423 de 8\/out\/2021. \u00f812 x 142 mm<\/p>\n","protected":false},"featured_media":1369,"comment_status":"open","ping_status":"closed","template":"","meta":{"_joinchat":[]},"product_cat":[20],"product_tag":[],"_links":{"self":[{"href":"https:\/\/camisetasebrindesexpress.com.br\/index.php\/wp-json\/wp\/v2\/product\/1363"}],"collection":[{"href":"https:\/\/camisetasebrindesexpress.com.br\/index.php\/wp-json\/wp\/v2\/product"}],"about":[{"href":"https:\/\/camisetasebrindesexpress.com.br\/index.php\/wp-json\/wp\/v2\/types\/product"}],"replies":[{"embeddable":true,"href":"https:\/\/camisetasebrindesexpress.com.br\/index.php\/wp-json\/wp\/v2\/comments?post=1363"}],"wp:featuredmedia":[{"embeddable":true,"href":"https:\/\/camisetasebrindesexpress.com.br\/index.php\/wp-json\/wp\/v2\/media\/1369"}],"wp:attachment":[{"href":"https:\/\/camisetasebrindesexpress.com.br\/index.php\/wp-json\/wp\/v2\/media?parent=1363"}],"wp:term":[{"taxonomy":"product_cat","embeddable":true,"href":"https:\/\/camisetasebrindesexpress.com.br\/index.php\/wp-json\/wp\/v2\/product_cat?post=1363"},{"taxonomy":"product_tag","embeddable":true,"href":"https:\/\/camisetasebrindesexpress.com.br\/index.php\/wp-json\/wp\/v2\/product_tag?post=1363"}],"curies":[{"name":"wp","href":"https:\/\/api.w.org\/{rel}","templated":true}]}}