{"id":1041,"date":"2024-05-07T11:58:19","date_gmt":"2024-05-07T14:58:19","guid":{"rendered":"https:\/\/camisetasebrindesexpress.com.br\/?post_type=product&#038;p=1041"},"modified":"2024-05-07T11:58:19","modified_gmt":"2024-05-07T14:58:19","slug":"81001-neo-esferografica-em-aluminio-com-ponteira-touch","status":"publish","type":"product","link":"https:\/\/camisetasebrindesexpress.com.br\/index.php\/produto\/81001-neo-esferografica-em-aluminio-com-ponteira-touch\/","title":{"rendered":"81001 NEO. Esferogr\u00e1fica em alum\u00ednio com ponteira touch"},"content":{"rendered":"<div class=\"texto\">A Neo \u00e9 uma esferogr\u00e1fica vanguardista e ergon\u00f4mica em alum\u00ednio, com mecanismo twist, que foi concebida a pensar nos profissionais que fazem do caderno e do tablet o seu escrit\u00f3rio. A ponteira touch, em silicone, permite refor\u00e7ar a sua utilidade e o corpo laqueado com acabamento matt\/brilhante confere muita eleg\u00e2ncia. A esferogr\u00e1fica tem recarga em metal e tinta Dokumental\u00ae preta. Fornecida em caixa presente. \u00f811 x 138 mm | Caixa: 55 x 30 x 190 mm<\/div>\n<div class=\"icons\">\n<div class=\"icon\"><img decoding=\"async\" src=\"https:\/\/www.spotgifts.com.br\/fotos\/pictogramas\/escrita_preto_1352695145610cfc792b854.png\" alt=\"SPOT\" \/><\/div>\n<div class=\"icon\"><img decoding=\"async\" src=\"https:\/\/www.spotgifts.com.br\/fotos\/pictogramas\/caixa_oferta_1264245494610cfcfc63cad.png\" alt=\"SPOT\" \/><\/div>\n<div class=\"icon\"><img decoding=\"async\" src=\"https:\/\/www.spotgifts.com.br\/fotos\/pictogramas\/touch_tip_1515971026646622b01b340.png\" alt=\"SPOT\" \/><\/div>\n<div class=\"icon\"><img decoding=\"async\" src=\"https:\/\/www.spotgifts.com.br\/fotos\/pictogramas\/twist_mechanism_1378316746466230211585.png\" alt=\"SPOT\" \/><\/div>\n<\/div>\n","protected":false},"excerpt":{"rendered":"<p>A Neo \u00e9 uma esferogr\u00e1fica vanguardista e ergon\u00f4mica em alum\u00ednio, com mecanismo twist, que foi concebida a pensar nos profissionais que fazem do caderno e do tablet o seu escrit\u00f3rio. A ponteira touch, em silicone, permite refor\u00e7ar a sua utilidade e o corpo laqueado com acabamento matt\/brilhante confere muita eleg\u00e2ncia. A esferogr\u00e1fica tem recarga em [&hellip;]<\/p>\n","protected":false},"featured_media":1044,"comment_status":"open","ping_status":"closed","template":"","meta":{"_joinchat":[]},"product_cat":[20],"product_tag":[],"_links":{"self":[{"href":"https:\/\/camisetasebrindesexpress.com.br\/index.php\/wp-json\/wp\/v2\/product\/1041"}],"collection":[{"href":"https:\/\/camisetasebrindesexpress.com.br\/index.php\/wp-json\/wp\/v2\/product"}],"about":[{"href":"https:\/\/camisetasebrindesexpress.com.br\/index.php\/wp-json\/wp\/v2\/types\/product"}],"replies":[{"embeddable":true,"href":"https:\/\/camisetasebrindesexpress.com.br\/index.php\/wp-json\/wp\/v2\/comments?post=1041"}],"wp:featuredmedia":[{"embeddable":true,"href":"https:\/\/camisetasebrindesexpress.com.br\/index.php\/wp-json\/wp\/v2\/media\/1044"}],"wp:attachment":[{"href":"https:\/\/camisetasebrindesexpress.com.br\/index.php\/wp-json\/wp\/v2\/media?parent=1041"}],"wp:term":[{"taxonomy":"product_cat","embeddable":true,"href":"https:\/\/camisetasebrindesexpress.com.br\/index.php\/wp-json\/wp\/v2\/product_cat?post=1041"},{"taxonomy":"product_tag","embeddable":true,"href":"https:\/\/camisetasebrindesexpress.com.br\/index.php\/wp-json\/wp\/v2\/product_tag?post=1041"}],"curies":[{"name":"wp","href":"https:\/\/api.w.org\/{rel}","templated":true}]}}